{"id":558,"date":"2024-10-18T17:12:57","date_gmt":"2024-10-18T15:12:57","guid":{"rendered":"https:\/\/retoglobal.eu\/?page_id=558"},"modified":"2024-10-18T17:16:23","modified_gmt":"2024-10-18T15:16:23","slug":"sabias-que","status":"publish","type":"page","link":"https:\/\/retoglobal.eu\/index.php\/sabias-que\/","title":{"rendered":"Sab\u00edas que &#8230;&#8230;&#8230;?"},"content":{"rendered":"\n<p>En <em>retoglobal.eu<\/em> abordamos los mayores desaf\u00edos de nuestro tiempo: el cambio clim\u00e1tico, la p\u00e9rdida de biodiversidad, la contaminaci\u00f3n y la desigualdad. Te invitamos a descubrir datos y hechos que te har\u00e1n reflexionar sobre el estado actual de nuestro planeta y la urgencia de actuar. Porque solo con conciencia y acci\u00f3n podremos construir un futuro m\u00e1s justo y sostenible para todos.<\/p>\n\n\n\n<h4 class=\"wp-block-heading has-text-align-center\"><strong>Hay que descubrir y huir de las mentiras disfrazadas de esperanza.<\/strong><\/h4>\n","protected":false},"excerpt":{"rendered":"<p>En retoglobal.eu abordamos los mayores desaf\u00edos de nuestro tiempo: el cambio clim\u00e1tico, la p\u00e9rdida de biodiversidad, la contaminaci\u00f3n y la desigualdad. Te invitamos a descubrir &hellip;<\/p>\n","protected":false},"author":1,"featured_media":0,"parent":0,"menu_order":0,"comment_status":"closed","ping_status":"closed","template":"","meta":{"footnotes":""},"class_list":["post-558","page","type-page","status-publish","hentry"],"_links":{"self":[{"href":"https:\/\/retoglobal.eu\/index.php\/wp-json\/wp\/v2\/pages\/558","targetHints":{"allow":["GET"]}}],"collection":[{"href":"https:\/\/retoglobal.eu\/index.php\/wp-json\/wp\/v2\/pages"}],"about":[{"href":"https:\/\/retoglobal.eu\/index.php\/wp-json\/wp\/v2\/types\/page"}],"author":[{"embeddable":true,"href":"https:\/\/retoglobal.eu\/index.php\/wp-json\/wp\/v2\/users\/1"}],"replies":[{"embeddable":true,"href":"https:\/\/retoglobal.eu\/index.php\/wp-json\/wp\/v2\/comments?post=558"}],"version-history":[{"count":2,"href":"https:\/\/retoglobal.eu\/index.php\/wp-json\/wp\/v2\/pages\/558\/revisions"}],"predecessor-version":[{"id":656,"href":"https:\/\/retoglobal.eu\/index.php\/wp-json\/wp\/v2\/pages\/558\/revisions\/656"}],"wp:attachment":[{"href":"https:\/\/retoglobal.eu\/index.php\/wp-json\/wp\/v2\/media?parent=558"}],"curies":[{"name":"wp","href":"https:\/\/api.w.org\/{rel}","templated":true}]}}