{"id":407,"date":"2024-03-20T20:13:13","date_gmt":"2024-03-20T19:13:13","guid":{"rendered":"https:\/\/retoglobal.eu\/?page_id=407"},"modified":"2024-03-26T17:54:03","modified_gmt":"2024-03-26T16:54:03","slug":"movilidad-sostenible","status":"publish","type":"page","link":"https:\/\/retoglobal.eu\/index.php\/reto\/manifiesto-de-la-asociacion-retoglobal-eu\/reduccion-del-consumo-y-de-la-produccion\/transformacion-socio-economica\/movilidad-sostenible\/","title":{"rendered":"Movilidad sostenible."},"content":{"rendered":"\n<h2 class=\"wp-block-heading\">Transformar el modelo de movilidad.<\/h2>\n\n\n\n<p>Necesitamos reconocer la urgencia de actuar ante el modelo actual de movilidad y sus graves consecuencias en la salud, el medio ambiente, el clima y en lo social.<\/p>\n\n\n\n<h2 class=\"wp-block-heading\">Priorizar por una reducci\u00f3n de emisiones provenientes del transporte y la movilidad.<\/h2>\n\n\n\n<p><strong>Abogaremos por una movilidad sostenible, que reduzca la dependencia del veh\u00edculo privado y priorizando el transporte p\u00fablico y las infraestructuras para peatones y ciclistas reduciendo la superficie destinada al coche.<\/strong><\/p>\n\n\n\n<p>Apostar por el <strong>transporte urbano colectivo p\u00fablico sostenible eficiente y accesible<\/strong> para todas, <strong>impulsar la movilidad activa<\/strong> segura no motorizada, contar con redes de infraestructura de desplazamiento ciclista y similares, segura, inclusiva, coherente y que llegue a todos los n\u00facleos urbanos, estudiar e incentivar el uso compartido y la ocupaci\u00f3n de las plazas de los coches, <strong>promover la implantaci\u00f3n de distribuci\u00f3n urbana sostenible de mercanc\u00edas <\/strong>con \u00e1reas de recogida y distribuci\u00f3n ciclo-log\u00edstica.<\/p>\n\n\n\n<p>Exigir una <strong>planificaci\u00f3n urbana sostenible<\/strong> con el dise\u00f1o de ciudades amigables con los peatones y los ciclistas, <strong>planes de movilidad limpia<\/strong>, reducir el alrededor del 68% del espacio p\u00fablico que est\u00e1 destinado a los veh\u00edculos, <strong>implementar zonas de bajas emisiones<\/strong> con restricciones reales y calles peatonales, fomentar el uso del transporte p\u00fablico y la intermodalidad, <strong>desincentivar el uso de veh\u00edculo privado<\/strong> en los desplazamientos urbanos y periurbanos.<\/p>\n\n\n\n<p>Sensibilizar a la poblaci\u00f3n sobre la importancia de la movilidad sostenible, del cambio en los h\u00e1bitos de movilidad hacia opciones m\u00e1s sostenibles.<\/p>\n\n\n\n<p class=\"has-text-align-center\"><strong>Fortalecer la colaboraci\u00f3n entre todos los actores involucrados en la movilidad garantizando la participaci\u00f3n ciudadana en la toma de decisiones sobre el futuro de la movilidad.<\/strong><\/p>\n","protected":false},"excerpt":{"rendered":"<p>Transformar el modelo de movilidad. Necesitamos reconocer la urgencia de actuar ante el modelo actual de movilidad y sus graves consecuencias en la salud, el &hellip;<\/p>\n","protected":false},"author":1,"featured_media":409,"parent":386,"menu_order":-1,"comment_status":"closed","ping_status":"closed","template":"","meta":{"footnotes":""},"class_list":["post-407","page","type-page","status-publish","has-post-thumbnail","hentry"],"_links":{"self":[{"href":"https:\/\/retoglobal.eu\/index.php\/wp-json\/wp\/v2\/pages\/407","targetHints":{"allow":["GET"]}}],"collection":[{"href":"https:\/\/retoglobal.eu\/index.php\/wp-json\/wp\/v2\/pages"}],"about":[{"href":"https:\/\/retoglobal.eu\/index.php\/wp-json\/wp\/v2\/types\/page"}],"author":[{"embeddable":true,"href":"https:\/\/retoglobal.eu\/index.php\/wp-json\/wp\/v2\/users\/1"}],"replies":[{"embeddable":true,"href":"https:\/\/retoglobal.eu\/index.php\/wp-json\/wp\/v2\/comments?post=407"}],"version-history":[{"count":2,"href":"https:\/\/retoglobal.eu\/index.php\/wp-json\/wp\/v2\/pages\/407\/revisions"}],"predecessor-version":[{"id":431,"href":"https:\/\/retoglobal.eu\/index.php\/wp-json\/wp\/v2\/pages\/407\/revisions\/431"}],"up":[{"embeddable":true,"href":"https:\/\/retoglobal.eu\/index.php\/wp-json\/wp\/v2\/pages\/386"}],"wp:featuredmedia":[{"embeddable":true,"href":"https:\/\/retoglobal.eu\/index.php\/wp-json\/wp\/v2\/media\/409"}],"wp:attachment":[{"href":"https:\/\/retoglobal.eu\/index.php\/wp-json\/wp\/v2\/media?parent=407"}],"curies":[{"name":"wp","href":"https:\/\/api.w.org\/{rel}","templated":true}]}}

<h2 class="wp-block-heading">Transformar el modelo de movilidad.</h2>



<p>Necesitamos reconocer la urgencia de actuar ante el modelo actual de movilidad y sus graves consecuencias en la salud, el medio ambiente, el clima y en lo social.</p>



<h2 class="wp-block-heading">Priorizar por una reducción de emisiones provenientes del transporte y la movilidad.</h2>



<p><strong>Abogaremos por una movilidad sostenible, que reduzca la dependencia del vehículo privado y priorizando el transporte público y las infraestructuras para peatones y ciclistas reduciendo la superficie destinada al coche.</strong></p>



<p>Apostar por el <strong>transporte urbano colectivo público sostenible eficiente y accesible</strong> para todas, <strong>impulsar la movilidad activa</strong> segura no motorizada, contar con redes de infraestructura de desplazamiento ciclista y similares, segura, inclusiva, coherente y que llegue a todos los núcleos urbanos, estudiar e incentivar el uso compartido y la ocupación de las plazas de los coches, <strong>promover la implantación de distribución urbana sostenible de mercancías </strong>con áreas de recogida y distribución ciclo-logística.</p>



<p>Exigir una <strong>planificación urbana sostenible</strong> con el diseño de ciudades amigables con los peatones y los ciclistas, <strong>planes de movilidad limpia</strong>, reducir el alrededor del 68% del espacio público que está destinado a los vehículos, <strong>implementar zonas de bajas emisiones</strong> con restricciones reales y calles peatonales, fomentar el uso del transporte público y la intermodalidad, <strong>desincentivar el uso de vehículo privado</strong> en los desplazamientos urbanos y periurbanos.</p>



<p>Sensibilizar a la población sobre la importancia de la movilidad sostenible, del cambio en los hábitos de movilidad hacia opciones más sostenibles.</p>



<p class="has-text-align-center"><strong>Fortalecer la colaboración entre todos los actores involucrados en la movilidad garantizando la participación ciudadana en la toma de decisiones sobre el futuro de la movilidad.</strong></p>
