{"id":392,"date":"2024-03-20T19:38:58","date_gmt":"2024-03-20T18:38:58","guid":{"rendered":"https:\/\/retoglobal.eu\/?page_id=392"},"modified":"2024-03-20T19:38:58","modified_gmt":"2024-03-20T18:38:58","slug":"comercio","status":"publish","type":"page","link":"https:\/\/retoglobal.eu\/index.php\/reto\/manifiesto-de-la-asociacion-retoglobal-eu\/reduccion-del-consumo-y-de-la-produccion\/comercio\/","title":{"rendered":"Comercio."},"content":{"rendered":"\n<h2 class=\"wp-block-heading\">Nuevas reglas para el comercio.<\/h2>\n\n\n\n<p>Necesitamos unas nuevas reglas para el comercio, solo a trav\u00e9s de un comercio justo y equitativo, que ponga en el centro a las personas y la vida, podremos construir un futuro sostenible y pr\u00f3spero para todos.<\/p>\n\n\n\n<p>Adoptar nuevas normas de comercio es fundamental para construir un futuro m\u00e1s justo, equitativo y sostenible a trav\u00e9s de un enfoque que integre a la justicia social, la equidad y la protecci\u00f3n del medio ambiente.<\/p>\n\n\n\n<p><strong><em>Comercio Justo,<\/em><\/strong> la implementaci\u00f3n de pr\u00e1cticas comerciales justas que garanticen precios justos a productores, especialmente en pa\u00edses en desarrollo, y fomenten el desarrollo sostenible de sus comunidades. <\/p>\n\n\n\n<p class=\"has-text-align-center\"><strong>Establecer un precio justo de subsistencia del productor.<\/strong><\/p>\n\n\n\n<p>La <strong><em>protecci\u00f3n de los derechos humanos y laborales<\/em><\/strong> de todos los trabajadores a lo largo de la cadena de suministro, <strong>combatiendo la explotaci\u00f3n laboral, el trabajo infantil y la discriminaci\u00f3n<\/strong>, <strong>fomentando la igualdad de g\u00e9nero, el empoderamiento de grupos vulnerables, promoci\u00f3n de la participaci\u00f3n activa, apoyo a peque\u00f1os productores.<\/strong><\/p>\n\n\n\n<p><strong><em>Comercio \u00e9tico, <\/em><\/strong>la implementaci\u00f3n de pr\u00e1cticas comerciales que garanticen <strong>condiciones de trabajo dignas, salarios justos y respeto a los derechos humanos<\/strong>.<\/p>\n\n\n\n<p><strong><em>Acceso equitativo a los recursos<\/em><\/strong>, impulsar pol\u00edticas que faciliten el acceso equitativo a recursos naturales y tecnol\u00f3gicos, <strong>establecer unos est\u00e1ndares de producci\u00f3n de calidad y sostenibles.<\/strong><\/p>\n\n\n\n<p><strong><em>Comercio sostenible, <\/em><\/strong>fomentar pr\u00e1cticas comerciales sostenibles que reduzcan la huella ambiental de la producci\u00f3n, el transporte y el consumo, la implementaci\u00f3n de <strong>sistemas de trazabilidad y transparencia<\/strong> que permitan identificar el origen y el <strong>impacto ambiental<\/strong>, la <strong>huella de carbono<\/strong> y la <strong>huella h\u00eddrica<\/strong> de los productos a lo largo de la cadena de suministro.<\/p>\n\n\n\n<p>Establecer <strong>formas de consumo ventajosas para el desarrollo de consumo KM 0, de productos locales, que ser\u00e1n productos de temporada, productos naturales y ecol\u00f3gicos y transporte respetuoso del medio ambiente.<\/strong> Alinear las normas comerciales con los Objetivos de Desarrollo Sostenible (ODS), especialmente aquellos relacionados con la pobreza, la desigualdad y el cambio clim\u00e1tico y fortalecer la cooperaci\u00f3n internacional para garantizar la implementaci\u00f3n efectiva de las nuevas normas comerciales y su impacto positivo a nivel global de manera clara y trasparente<\/p>\n","protected":false},"excerpt":{"rendered":"<p>Nuevas reglas para el comercio. Necesitamos unas nuevas reglas para el comercio, solo a trav\u00e9s de un comercio justo y equitativo, que ponga en el &hellip;<\/p>\n","protected":false},"author":1,"featured_media":277,"parent":383,"menu_order":-1,"comment_status":"closed","ping_status":"closed","template":"","meta":{"footnotes":""},"class_list":["post-392","page","type-page","status-publish","has-post-thumbnail","hentry"],"_links":{"self":[{"href":"https:\/\/retoglobal.eu\/index.php\/wp-json\/wp\/v2\/pages\/392","targetHints":{"allow":["GET"]}}],"collection":[{"href":"https:\/\/retoglobal.eu\/index.php\/wp-json\/wp\/v2\/pages"}],"about":[{"href":"https:\/\/retoglobal.eu\/index.php\/wp-json\/wp\/v2\/types\/page"}],"author":[{"embeddable":true,"href":"https:\/\/retoglobal.eu\/index.php\/wp-json\/wp\/v2\/users\/1"}],"replies":[{"embeddable":true,"href":"https:\/\/retoglobal.eu\/index.php\/wp-json\/wp\/v2\/comments?post=392"}],"version-history":[{"count":1,"href":"https:\/\/retoglobal.eu\/index.php\/wp-json\/wp\/v2\/pages\/392\/revisions"}],"predecessor-version":[{"id":393,"href":"https:\/\/retoglobal.eu\/index.php\/wp-json\/wp\/v2\/pages\/392\/revisions\/393"}],"up":[{"embeddable":true,"href":"https:\/\/retoglobal.eu\/index.php\/wp-json\/wp\/v2\/pages\/383"}],"wp:featuredmedia":[{"embeddable":true,"href":"https:\/\/retoglobal.eu\/index.php\/wp-json\/wp\/v2\/media\/277"}],"wp:attachment":[{"href":"https:\/\/retoglobal.eu\/index.php\/wp-json\/wp\/v2\/media?parent=392"}],"curies":[{"name":"wp","href":"https:\/\/api.w.org\/{rel}","templated":true}]}}