{"id":386,"date":"2024-03-20T19:20:40","date_gmt":"2024-03-20T18:20:40","guid":{"rendered":"https:\/\/retoglobal.eu\/?page_id=386"},"modified":"2024-03-20T19:23:53","modified_gmt":"2024-03-20T18:23:53","slug":"transformacion-socio-economica","status":"publish","type":"page","link":"https:\/\/retoglobal.eu\/index.php\/reto\/manifiesto-de-la-asociacion-retoglobal-eu\/reduccion-del-consumo-y-de-la-produccion\/transformacion-socio-economica\/","title":{"rendered":"Transformaci\u00f3n Socio-Econ\u00f3mica."},"content":{"rendered":"\n<h2 class=\"wp-block-heading\"><strong>Fomentar una transformaci\u00f3n Socio-Econ\u00f3mica justa<\/strong>.<\/h2>\n\n\n\n<p>Nos enfrentamos a una crisis ambiental y clim\u00e1tica sin precedentes que exige una acci\u00f3n urgente, transformadora y de acuerdo con los consensos cient\u00edficos. No podemos seguir fomentando y manteniendo el actual modelo socioecon\u00f3mico, basado en la explotaci\u00f3n desmedida de recursos y la desigualdad. La degradaci\u00f3n ambiental y la injusticia social est\u00e1n interconectadas, las comunidades m\u00e1s pobres y marginadas son las m\u00e1s afectadas por los impactos ambientales negativos y suele ocurrir que quienes menos contribuyen a la policrisis actual son quienes m\u00e1s la padecen.<\/p>\n\n\n\n<p>Luchar contra la desigualdad en el acceso a recursos naturales y servicios b\u00e1sicos, defender los derechos de las comunidades locales sobre sus tierras y territorios promoviendo una gesti\u00f3n sostenible de los recursos naturales.<\/p>\n\n\n\n<p><strong>Necesitamos tener claro que nos est\u00e1n sometiendo a una individualizaci\u00f3n de los riesgos, cuyos promotores culpan de la degradaci\u00f3n medioambiental a las v\u00edctimas y no a los verdaderos responsables; intentando hacer creer que cada uno puede, solo como individuo, hacer frente a unos riesgos que s\u00f3lo podr\u00e1n tener respuesta con el fortalecimiento de las redes colectivas de protecci\u00f3n social, sanitaria y ambiental.<\/strong><\/p>\n\n\n\n<p>Abogaremos por un modelo econ\u00f3mico y social que respete los l\u00edmites del planeta, promoviendo la econom\u00eda, la producci\u00f3n y consumo locales, y garantizando la equidad y la justicia social como fin fundamental y como objetivo irrenunciable.<\/p>\n\n\n\n<p>Defendemos y promovemos una transici\u00f3n hacia un futuro sostenible que no sea a costa de las comunidades m\u00e1s vulnerables. Debemos asegurarnos de que nadie se quede atr\u00e1s en este proceso, garantizando una distribuci\u00f3n justa de los beneficios y protegiendo a los m\u00e1s afectados por la crisis teniendo en cuenta los principios de e<strong>quidad,<\/strong> <strong>participaci\u00f3n,<\/strong>&nbsp;<strong>transici\u00f3n justa y<\/strong>&nbsp;<strong>protecci\u00f3n ambiental.<\/strong><\/p>\n","protected":false},"excerpt":{"rendered":"<p>Fomentar una transformaci\u00f3n Socio-Econ\u00f3mica justa. Nos enfrentamos a una crisis ambiental y clim\u00e1tica sin precedentes que exige una acci\u00f3n urgente, transformadora y de acuerdo con &hellip;<\/p>\n","protected":false},"author":1,"featured_media":150,"parent":383,"menu_order":-1,"comment_status":"closed","ping_status":"closed","template":"","meta":{"footnotes":""},"class_list":["post-386","page","type-page","status-publish","has-post-thumbnail","hentry"],"_links":{"self":[{"href":"https:\/\/retoglobal.eu\/index.php\/wp-json\/wp\/v2\/pages\/386","targetHints":{"allow":["GET"]}}],"collection":[{"href":"https:\/\/retoglobal.eu\/index.php\/wp-json\/wp\/v2\/pages"}],"about":[{"href":"https:\/\/retoglobal.eu\/index.php\/wp-json\/wp\/v2\/types\/page"}],"author":[{"embeddable":true,"href":"https:\/\/retoglobal.eu\/index.php\/wp-json\/wp\/v2\/users\/1"}],"replies":[{"embeddable":true,"href":"https:\/\/retoglobal.eu\/index.php\/wp-json\/wp\/v2\/comments?post=386"}],"version-history":[{"count":1,"href":"https:\/\/retoglobal.eu\/index.php\/wp-json\/wp\/v2\/pages\/386\/revisions"}],"predecessor-version":[{"id":387,"href":"https:\/\/retoglobal.eu\/index.php\/wp-json\/wp\/v2\/pages\/386\/revisions\/387"}],"up":[{"embeddable":true,"href":"https:\/\/retoglobal.eu\/index.php\/wp-json\/wp\/v2\/pages\/383"}],"wp:featuredmedia":[{"embeddable":true,"href":"https:\/\/retoglobal.eu\/index.php\/wp-json\/wp\/v2\/media\/150"}],"wp:attachment":[{"href":"https:\/\/retoglobal.eu\/index.php\/wp-json\/wp\/v2\/media?parent=386"}],"curies":[{"name":"wp","href":"https:\/\/api.w.org\/{rel}","templated":true}]}}

Transformación Socio-Económica.

<h2 class="wp-block-heading"><strong>Fomentar una transformación Socio-Económica justa</strong>.</h2>



<p>Nos enfrentamos a una crisis ambiental y climática sin precedentes que exige una acción urgente, transformadora y de acuerdo con los consensos científicos. No podemos seguir fomentando y manteniendo el actual modelo socioeconómico, basado en la explotación desmedida de recursos y la desigualdad. La degradación ambiental y la injusticia social están interconectadas, las comunidades más pobres y marginadas son las más afectadas por los impactos ambientales negativos y suele ocurrir que quienes menos contribuyen a la policrisis actual son quienes más la padecen.</p>



<p>Luchar contra la desigualdad en el acceso a recursos naturales y servicios básicos, defender los derechos de las comunidades locales sobre sus tierras y territorios promoviendo una gestión sostenible de los recursos naturales.</p>



<p><strong>Necesitamos tener claro que nos están sometiendo a una individualización de los riesgos, cuyos promotores culpan de la degradación medioambiental a las víctimas y no a los verdaderos responsables; intentando hacer creer que cada uno puede, solo como individuo, hacer frente a unos riesgos que sólo podrán tener respuesta con el fortalecimiento de las redes colectivas de protección social, sanitaria y ambiental.</strong></p>



<p>Abogaremos por un modelo económico y social que respete los límites del planeta, promoviendo la economía, la producción y consumo locales, y garantizando la equidad y la justicia social como fin fundamental y como objetivo irrenunciable.</p>



<p>Defendemos y promovemos una transición hacia un futuro sostenible que no sea a costa de las comunidades más vulnerables. Debemos asegurarnos de que nadie se quede atrás en este proceso, garantizando una distribución justa de los beneficios y protegiendo a los más afectados por la crisis teniendo en cuenta los principios de e<strong>quidad,</strong> <strong>participación,</strong>&nbsp;<strong>transición justa y</strong>&nbsp;<strong>protección ambiental.</strong></p>

<p>Fomentar una transformación Socio-Económica justa. Nos enfrentamos a una crisis ambiental y climática sin precedentes que exige una acción urgente, transformadora y de acuerdo con &hellip;</p>
