{"id":229,"date":"2024-03-04T12:26:19","date_gmt":"2024-03-04T11:26:19","guid":{"rendered":"https:\/\/retoglobal.eu\/?page_id=229"},"modified":"2024-03-04T12:43:46","modified_gmt":"2024-03-04T11:43:46","slug":"sequia-restricciones","status":"publish","type":"page","link":"https:\/\/retoglobal.eu\/index.php\/envianos-tus-propuestas\/sequia-restricciones\/","title":{"rendered":"SEQU\u00cdA &#8211; RESTRICCIONES."},"content":{"rendered":"\n<h1 class=\"wp-block-heading has-normal-font-size\">C\u00f3mo mantener \u00e1rboles, arbustos, jardines, durante un per\u00edodo de restricciones de agua.<\/h1>\n\n\n\n<p>Esta es una propuesta de \u00e9xito que nos env\u00eda Pilar desde La Cala del Moral en Rinc\u00f3n de la Victoria.<\/p>\n\n\n\n<p>Cabe recordar que Rinc\u00f3n de la Victoria viene asumiendo medidas para reducir el consumo del agua desde el mes de junio con la <strong>prohibici\u00f3n del uso de agua potable para riegos y baldeos<\/strong>, <strong>para llenados de piscinas, el corte de suministro en las duchas y lavapi\u00e9s del litoral, cortes en fuentes municipales o la prohibici\u00f3n de riegos de jardines p\u00fablicos y particulares o limpieza de veh\u00edculos.<\/strong><\/p>\n\n\n\n<p><a href=\"https:\/\/www.rincondelavictoria.es\/noticias\/-\/asset_publisher\/2UsKbRfNBL22\/content\/id\/801032\">https:\/\/www.rincondelavictoria.es\/noticias\/-\/asset_publisher\/2UsKbRfNBL22\/content\/id\/801032<\/a><\/p>\n\n\n\n<p>La poblaci\u00f3n del Rinc\u00f3n tambi\u00e9n sufre cortes nocturnos del suministro de agua con el objetivo de contrarrestar la falta de lluvia, la situaci\u00f3n excepcional de sequ\u00eda y el exceso en el consumo de agua en el municipio. Desde el viernes 22 de diciembre de 2023, el horario de corte se amplia&nbsp;desde&nbsp;las 23.00 a las&nbsp;07.00 horas. <\/p>\n\n\n\n<p>Dentro de este contexto, una iniciativa de una vecina, <strong>Pilar,<\/strong> en una urbanizaci\u00f3n de La Cala del Moral tuvo \u00e9xito y hoy se mantienen \u00e1rboles y arbustos gracias a la participaci\u00f3n de muchas personas que se han sumado.<\/p>\n\n\n\n<p>El proceso fue el siguiente, Pilar coloc\u00f3 una nota en lugares visibles y zonas comunes que llam\u00f3 la atenci\u00f3n de l@s vecin@s, estas le comunicaron que estaban de acuerdo con la propuesta y comenzaron a cooperar. <\/p>\n\n\n\n<figure class=\"wp-block-image size-full is-resized\"><img loading=\"lazy\" decoding=\"async\" width=\"530\" height=\"736\" src=\"https:\/\/retoglobal.eu\/wp-content\/uploads\/2024\/03\/NOTA.png\" alt=\"\" class=\"wp-image-230\" style=\"width:472px;height:auto\" srcset=\"https:\/\/retoglobal.eu\/wp-content\/uploads\/2024\/03\/NOTA.png 530w, https:\/\/retoglobal.eu\/wp-content\/uploads\/2024\/03\/NOTA-216x300.png 216w\" sizes=\"auto, (max-width: 530px) 100vw, 530px\" \/><\/figure>\n\n\n\n<p>Una vez que la han contactado y para un mejor control y organizaci\u00f3n, Pilar hizo una lista para que se apuntasen, que dej\u00f3 junto a la nota anterior.<\/p>\n\n\n\n<p>Esta lista dec\u00eda lo siguiente,<\/p>\n\n\n\n<figure class=\"wp-block-image size-full\"><img loading=\"lazy\" decoding=\"async\" width=\"396\" height=\"423\" src=\"https:\/\/retoglobal.eu\/wp-content\/uploads\/2024\/03\/LISTA.png\" alt=\"\" class=\"wp-image-252\" srcset=\"https:\/\/retoglobal.eu\/wp-content\/uploads\/2024\/03\/LISTA.png 396w, https:\/\/retoglobal.eu\/wp-content\/uploads\/2024\/03\/LISTA-281x300.png 281w\" sizes=\"auto, (max-width: 396px) 100vw, 396px\" \/><\/figure>\n\n\n\n<div class=\"wp-block-group\"><div class=\"wp-block-group__inner-container is-layout-constrained wp-block-group-is-layout-constrained\">\n<p>Una vez llegado a este punto reparti\u00f3 la tarjeta con el nombre de la persona que cuida el \u00e1rbol y en la otra cara el tipo o especie de \u00e1rbol.<\/p>\n\n\n\n<figure class=\"wp-block-image size-large is-resized\"><img loading=\"lazy\" decoding=\"async\" width=\"768\" height=\"1024\" src=\"https:\/\/retoglobal.eu\/wp-content\/uploads\/2024\/03\/TARJETA-1-768x1024.jpg\" alt=\"\" class=\"wp-image-250\" style=\"width:483px;height:auto\" srcset=\"https:\/\/retoglobal.eu\/wp-content\/uploads\/2024\/03\/TARJETA-1-768x1024.jpg 768w, https:\/\/retoglobal.eu\/wp-content\/uploads\/2024\/03\/TARJETA-1-225x300.jpg 225w, https:\/\/retoglobal.eu\/wp-content\/uploads\/2024\/03\/TARJETA-1-1152x1536.jpg 1152w, https:\/\/retoglobal.eu\/wp-content\/uploads\/2024\/03\/TARJETA-1-1536x2048.jpg 1536w, https:\/\/retoglobal.eu\/wp-content\/uploads\/2024\/03\/TARJETA-1-scaled.jpg 1920w\" sizes=\"auto, (max-width: 768px) 100vw, 768px\" \/><\/figure>\n<\/div><\/div>\n\n\n\n<div class=\"wp-block-columns is-layout-flex wp-container-core-columns-is-layout-9d6595d7 wp-block-columns-is-layout-flex\">\n<div class=\"wp-block-column is-layout-flow wp-block-column-is-layout-flow\" style=\"flex-basis:100%\">\n<div class=\"wp-block-group\"><div class=\"wp-block-group__inner-container is-layout-constrained wp-block-group-is-layout-constrained\">\n<figure class=\"wp-block-gallery has-nested-images columns-default is-cropped wp-block-gallery-1 is-layout-flex wp-block-gallery-is-layout-flex\">\n<figure class=\"wp-block-image size-large\"><img loading=\"lazy\" decoding=\"async\" width=\"300\" height=\"420\" data-id=\"238\" src=\"https:\/\/retoglobal.eu\/wp-content\/uploads\/2024\/03\/Cuento-1-1.png\" alt=\"\" class=\"wp-image-238\" srcset=\"https:\/\/retoglobal.eu\/wp-content\/uploads\/2024\/03\/Cuento-1-1.png 300w, https:\/\/retoglobal.eu\/wp-content\/uploads\/2024\/03\/Cuento-1-1-214x300.png 214w\" sizes=\"auto, (max-width: 300px) 100vw, 300px\" \/><\/figure>\n\n\n\n<figure class=\"wp-block-image size-large\"><img loading=\"lazy\" decoding=\"async\" width=\"300\" height=\"425\" data-id=\"239\" src=\"https:\/\/retoglobal.eu\/wp-content\/uploads\/2024\/03\/Cuento-2-1.png\" alt=\"\" class=\"wp-image-239\" srcset=\"https:\/\/retoglobal.eu\/wp-content\/uploads\/2024\/03\/Cuento-2-1.png 300w, https:\/\/retoglobal.eu\/wp-content\/uploads\/2024\/03\/Cuento-2-1-212x300.png 212w\" sizes=\"auto, (max-width: 300px) 100vw, 300px\" \/><\/figure>\n\n\n\n<figure class=\"wp-block-image size-large\"><img loading=\"lazy\" decoding=\"async\" width=\"300\" height=\"425\" data-id=\"241\" src=\"https:\/\/retoglobal.eu\/wp-content\/uploads\/2024\/03\/Cuento-3-1.png\" alt=\"\" class=\"wp-image-241\" srcset=\"https:\/\/retoglobal.eu\/wp-content\/uploads\/2024\/03\/Cuento-3-1.png 300w, https:\/\/retoglobal.eu\/wp-content\/uploads\/2024\/03\/Cuento-3-1-212x300.png 212w\" sizes=\"auto, (max-width: 300px) 100vw, 300px\" \/><\/figure>\n<\/figure>\n<\/div><\/div>\n<\/div>\n<\/div>\n\n\n\n<p>Tambi\u00e9n escribi\u00f3 un peque\u00f1o cuento, un relato de c\u00f3mo las personas mantienen los \u00e1rboles y el nombre de ellas (que hemos tapado por protecci\u00f3n de datos).<\/p>\n\n\n\n<p><\/p>\n\n\n\n<figure class=\"wp-block-image size-full\"><img loading=\"lazy\" decoding=\"async\" width=\"462\" height=\"560\" src=\"https:\/\/retoglobal.eu\/wp-content\/uploads\/2024\/03\/Cuento-4-5-6.png\" alt=\"\" class=\"wp-image-245\" srcset=\"https:\/\/retoglobal.eu\/wp-content\/uploads\/2024\/03\/Cuento-4-5-6.png 462w, https:\/\/retoglobal.eu\/wp-content\/uploads\/2024\/03\/Cuento-4-5-6-248x300.png 248w\" sizes=\"auto, (max-width: 462px) 100vw, 462px\" \/><\/figure>\n\n\n\n<p>La \u00faltima p\u00e1gina del cuento  es una lista de beneficios que nos proporcionan los \u00e1rboles.<\/p>\n\n\n\n<figure class=\"wp-block-image size-full\"><img loading=\"lazy\" decoding=\"async\" width=\"300\" height=\"421\" src=\"https:\/\/retoglobal.eu\/wp-content\/uploads\/2024\/03\/Beneficios-1.png\" alt=\"\" class=\"wp-image-248\" srcset=\"https:\/\/retoglobal.eu\/wp-content\/uploads\/2024\/03\/Beneficios-1.png 300w, https:\/\/retoglobal.eu\/wp-content\/uploads\/2024\/03\/Beneficios-1-214x300.png 214w\" sizes=\"auto, (max-width: 300px) 100vw, 300px\" \/><\/figure>\n\n\n\n<p>Creemos que es una iniciativa que se puede replicar muy facilmente, que deber\u00eda ser tenida en cuenta e incorporada en la rutina de las familias para el mantenimiento de \u00e1rboles y arbustos en esta \u00e9poca de restricciones y cortes, y no solo en urbanizaciones de Rinc\u00f3n de la Victoria sino extensible a todas las zonas donde hay restricciones.<\/p>\n\n\n\n<p>Desde aqu\u00ed agradecer a Pilar por el \u00e9xito de la iniciativa.<\/p>\n","protected":false},"excerpt":{"rendered":"<p>C\u00f3mo mantener \u00e1rboles, arbustos, jardines, durante un per\u00edodo de restricciones de agua. Esta es una propuesta de \u00e9xito que nos env\u00eda Pilar desde La Cala &hellip;<\/p>\n","protected":false},"author":1,"featured_media":246,"parent":225,"menu_order":-1,"comment_status":"closed","ping_status":"closed","template":"","meta":{"footnotes":""},"class_list":["post-229","page","type-page","status-publish","has-post-thumbnail","hentry"],"_links":{"self":[{"href":"https:\/\/retoglobal.eu\/index.php\/wp-json\/wp\/v2\/pages\/229","targetHints":{"allow":["GET"]}}],"collection":[{"href":"https:\/\/retoglobal.eu\/index.php\/wp-json\/wp\/v2\/pages"}],"about":[{"href":"https:\/\/retoglobal.eu\/index.php\/wp-json\/wp\/v2\/types\/page"}],"author":[{"embeddable":true,"href":"https:\/\/retoglobal.eu\/index.php\/wp-json\/wp\/v2\/users\/1"}],"replies":[{"embeddable":true,"href":"https:\/\/retoglobal.eu\/index.php\/wp-json\/wp\/v2\/comments?post=229"}],"version-history":[{"count":3,"href":"https:\/\/retoglobal.eu\/index.php\/wp-json\/wp\/v2\/pages\/229\/revisions"}],"predecessor-version":[{"id":254,"href":"https:\/\/retoglobal.eu\/index.php\/wp-json\/wp\/v2\/pages\/229\/revisions\/254"}],"up":[{"embeddable":true,"href":"https:\/\/retoglobal.eu\/index.php\/wp-json\/wp\/v2\/pages\/225"}],"wp:featuredmedia":[{"embeddable":true,"href":"https:\/\/retoglobal.eu\/index.php\/wp-json\/wp\/v2\/media\/246"}],"wp:attachment":[{"href":"https:\/\/retoglobal.eu\/index.php\/wp-json\/wp\/v2\/media?parent=229"}],"curies":[{"name":"wp","href":"https:\/\/api.w.org\/{rel}","templated":true}]}}

SEQUÍA &#8211; RESTRICCIONES.

<h1 class="wp-block-heading has-normal-font-size">Cómo mantener árboles, arbustos, jardines, durante un período de restricciones de agua.</h1>



<p>Esta es una propuesta de éxito que nos envía Pilar desde La Cala del Moral en Rincón de la Victoria.</p>



<p>Cabe recordar que Rincón de la Victoria viene asumiendo medidas para reducir el consumo del agua desde el mes de junio con la <strong>prohibición del uso de agua potable para riegos y baldeos</strong>, <strong>para llenados de piscinas, el corte de suministro en las duchas y lavapiés del litoral, cortes en fuentes municipales o la prohibición de riegos de jardines públicos y particulares o limpieza de vehículos.</strong></p>



<p><a href="https://www.rincondelavictoria.es/noticias/-/asset_publisher/2UsKbRfNBL22/content/id/801032">https://www.rincondelavictoria.es/noticias/-/asset_publisher/2UsKbRfNBL22/content/id/801032</a></p>



<p>La población del Rincón también sufre cortes nocturnos del suministro de agua con el objetivo de contrarrestar la falta de lluvia, la situación excepcional de sequía y el exceso en el consumo de agua en el municipio. Desde el viernes 22 de diciembre de 2023, el horario de corte se amplia&nbsp;desde&nbsp;las 23.00 a las&nbsp;07.00 horas. </p>



<p>Dentro de este contexto, una iniciativa de una vecina, <strong>Pilar,</strong> en una urbanización de La Cala del Moral tuvo éxito y hoy se mantienen árboles y arbustos gracias a la participación de muchas personas que se han sumado.</p>



<p>El proceso fue el siguiente, Pilar colocó una nota en lugares visibles y zonas comunes que llamó la atención de l@s vecin@s, estas le comunicaron que estaban de acuerdo con la propuesta y comenzaron a cooperar. </p>



<figure class="wp-block-image size-full is-resized"><img loading="lazy" decoding="async" width="530" height="736" src="https://retoglobal.eu/wp-content/uploads/2024/03/NOTA.png" alt="" class="wp-image-230" style="width:472px;height:auto" srcset="https://retoglobal.eu/wp-content/uploads/2024/03/NOTA.png 530w, https://retoglobal.eu/wp-content/uploads/2024/03/NOTA-216x300.png 216w" sizes="auto, (max-width: 530px) 100vw, 530px" /></figure>



<p>Una vez que la han contactado y para un mejor control y organización, Pilar hizo una lista para que se apuntasen, que dejó junto a la nota anterior.</p>



<p>Esta lista decía lo siguiente,</p>



<figure class="wp-block-image size-full"><img loading="lazy" decoding="async" width="396" height="423" src="https://retoglobal.eu/wp-content/uploads/2024/03/LISTA.png" alt="" class="wp-image-252" srcset="https://retoglobal.eu/wp-content/uploads/2024/03/LISTA.png 396w, https://retoglobal.eu/wp-content/uploads/2024/03/LISTA-281x300.png 281w" sizes="auto, (max-width: 396px) 100vw, 396px" /></figure>



<div class="wp-block-group"><div class="wp-block-group__inner-container is-layout-constrained wp-block-group-is-layout-constrained">
<p>Una vez llegado a este punto repartió la tarjeta con el nombre de la persona que cuida el árbol y en la otra cara el tipo o especie de árbol.</p>



<figure class="wp-block-image size-large is-resized"><img loading="lazy" decoding="async" width="768" height="1024" src="https://retoglobal.eu/wp-content/uploads/2024/03/TARJETA-1-768x1024.jpg" alt="" class="wp-image-250" style="width:483px;height:auto" srcset="https://retoglobal.eu/wp-content/uploads/2024/03/TARJETA-1-768x1024.jpg 768w, https://retoglobal.eu/wp-content/uploads/2024/03/TARJETA-1-225x300.jpg 225w, https://retoglobal.eu/wp-content/uploads/2024/03/TARJETA-1-1152x1536.jpg 1152w, https://retoglobal.eu/wp-content/uploads/2024/03/TARJETA-1-1536x2048.jpg 1536w, https://retoglobal.eu/wp-content/uploads/2024/03/TARJETA-1-scaled.jpg 1920w" sizes="auto, (max-width: 768px) 100vw, 768px" /></figure>
</div></div>



<div class="wp-block-columns is-layout-flex wp-container-core-columns-is-layout-9d6595d7 wp-block-columns-is-layout-flex">
<div class="wp-block-column is-layout-flow wp-block-column-is-layout-flow" style="flex-basis:100%">
<div class="wp-block-group"><div class="wp-block-group__inner-container is-layout-constrained wp-block-group-is-layout-constrained">
<figure class="wp-block-gallery has-nested-images columns-default is-cropped wp-block-gallery-1 is-layout-flex wp-block-gallery-is-layout-flex">
<figure class="wp-block-image size-large"><img loading="lazy" decoding="async" width="300" height="420" data-id="238" src="https://retoglobal.eu/wp-content/uploads/2024/03/Cuento-1-1.png" alt="" class="wp-image-238" srcset="https://retoglobal.eu/wp-content/uploads/2024/03/Cuento-1-1.png 300w, https://retoglobal.eu/wp-content/uploads/2024/03/Cuento-1-1-214x300.png 214w" sizes="auto, (max-width: 300px) 100vw, 300px" /></figure>



<figure class="wp-block-image size-large"><img loading="lazy" decoding="async" width="300" height="425" data-id="239" src="https://retoglobal.eu/wp-content/uploads/2024/03/Cuento-2-1.png" alt="" class="wp-image-239" srcset="https://retoglobal.eu/wp-content/uploads/2024/03/Cuento-2-1.png 300w, https://retoglobal.eu/wp-content/uploads/2024/03/Cuento-2-1-212x300.png 212w" sizes="auto, (max-width: 300px) 100vw, 300px" /></figure>



<figure class="wp-block-image size-large"><img loading="lazy" decoding="async" width="300" height="425" data-id="241" src="https://retoglobal.eu/wp-content/uploads/2024/03/Cuento-3-1.png" alt="" class="wp-image-241" srcset="https://retoglobal.eu/wp-content/uploads/2024/03/Cuento-3-1.png 300w, https://retoglobal.eu/wp-content/uploads/2024/03/Cuento-3-1-212x300.png 212w" sizes="auto, (max-width: 300px) 100vw, 300px" /></figure>
</figure>
</div></div>
</div>
</div>



<p>También escribió un pequeño cuento, un relato de cómo las personas mantienen los árboles y el nombre de ellas (que hemos tapado por protección de datos).</p>



<p></p>



<figure class="wp-block-image size-full"><img loading="lazy" decoding="async" width="462" height="560" src="https://retoglobal.eu/wp-content/uploads/2024/03/Cuento-4-5-6.png" alt="" class="wp-image-245" srcset="https://retoglobal.eu/wp-content/uploads/2024/03/Cuento-4-5-6.png 462w, https://retoglobal.eu/wp-content/uploads/2024/03/Cuento-4-5-6-248x300.png 248w" sizes="auto, (max-width: 462px) 100vw, 462px" /></figure>



<p>La última página del cuento  es una lista de beneficios que nos proporcionan los árboles.</p>



<figure class="wp-block-image size-full"><img loading="lazy" decoding="async" width="300" height="421" src="https://retoglobal.eu/wp-content/uploads/2024/03/Beneficios-1.png" alt="" class="wp-image-248" srcset="https://retoglobal.eu/wp-content/uploads/2024/03/Beneficios-1.png 300w, https://retoglobal.eu/wp-content/uploads/2024/03/Beneficios-1-214x300.png 214w" sizes="auto, (max-width: 300px) 100vw, 300px" /></figure>



<p>Creemos que es una iniciativa que se puede replicar muy facilmente, que debería ser tenida en cuenta e incorporada en la rutina de las familias para el mantenimiento de árboles y arbustos en esta época de restricciones y cortes, y no solo en urbanizaciones de Rincón de la Victoria sino extensible a todas las zonas donde hay restricciones.</p>



<p>Desde aquí agradecer a Pilar por el éxito de la iniciativa.</p>

<p>Cómo mantener árboles, arbustos, jardines, durante un período de restricciones de agua. Esta es una propuesta de éxito que nos envía Pilar desde La Cala &hellip;</p>
