{"id":225,"date":"2024-03-04T10:58:49","date_gmt":"2024-03-04T09:58:49","guid":{"rendered":"https:\/\/retoglobal.eu\/?page_id=225"},"modified":"2024-10-22T11:26:48","modified_gmt":"2024-10-22T09:26:48","slug":"envianos-tus-propuestas","status":"publish","type":"page","link":"https:\/\/retoglobal.eu\/index.php\/envianos-tus-propuestas\/","title":{"rendered":"Env\u00edanos tus propuestas."},"content":{"rendered":"\n<p>En esta secci\u00f3n queremos animaros a que realic\u00e9is las propuestas que estim\u00e9is oportunas en el tema que quer\u00e1is siempre en el \u00e1mbito medioambiental, contaminaci\u00f3n, residuos, cambio clim\u00e1tico, emisiones, soluciones basadas en la naturaleza, etc.<\/p>\n\n\n\n<p>Animamos a tod@s a explorar y elegir el tema que m\u00e1s os interese, que investigu\u00e9is y nos plant\u00e9is desarrollos, comentarios o soluciones.<\/p>\n\n\n\n<p>Cada propuesta debe ser enviada al correo <a href=\"mailto:marcosmar@retoglobal.eu\">mgm@retoglobal.eu<\/a>, desde donde comunicaremos la recepci\u00f3n de la misma.<\/p>\n\n\n\n<p>Una vez recibida la analizaremos, estudiaremos y avanzaremos sobre la misma comunicando al generador de la propuesta y pudiendo ser publicada en esta web con el consentimiento de quien la env\u00eda.<\/p>\n\n\n\n<p>Muchas gracias y esperamos recibir y desarrollar dichas propuestas.<\/p>\n","protected":false},"excerpt":{"rendered":"<p>En esta secci\u00f3n queremos animaros a que realic\u00e9is las propuestas que estim\u00e9is oportunas en el tema que quer\u00e1is siempre en el \u00e1mbito medioambiental, contaminaci\u00f3n, residuos, &hellip;<\/p>\n","protected":false},"author":1,"featured_media":226,"parent":0,"menu_order":0,"comment_status":"closed","ping_status":"closed","template":"","meta":{"footnotes":""},"class_list":["post-225","page","type-page","status-publish","has-post-thumbnail","hentry"],"_links":{"self":[{"href":"https:\/\/retoglobal.eu\/index.php\/wp-json\/wp\/v2\/pages\/225","targetHints":{"allow":["GET"]}}],"collection":[{"href":"https:\/\/retoglobal.eu\/index.php\/wp-json\/wp\/v2\/pages"}],"about":[{"href":"https:\/\/retoglobal.eu\/index.php\/wp-json\/wp\/v2\/types\/page"}],"author":[{"embeddable":true,"href":"https:\/\/retoglobal.eu\/index.php\/wp-json\/wp\/v2\/users\/1"}],"replies":[{"embeddable":true,"href":"https:\/\/retoglobal.eu\/index.php\/wp-json\/wp\/v2\/comments?post=225"}],"version-history":[{"count":2,"href":"https:\/\/retoglobal.eu\/index.php\/wp-json\/wp\/v2\/pages\/225\/revisions"}],"predecessor-version":[{"id":676,"href":"https:\/\/retoglobal.eu\/index.php\/wp-json\/wp\/v2\/pages\/225\/revisions\/676"}],"wp:featuredmedia":[{"embeddable":true,"href":"https:\/\/retoglobal.eu\/index.php\/wp-json\/wp\/v2\/media\/226"}],"wp:attachment":[{"href":"https:\/\/retoglobal.eu\/index.php\/wp-json\/wp\/v2\/media?parent=225"}],"curies":[{"name":"wp","href":"https:\/\/api.w.org\/{rel}","templated":true}]}}