{"id":17,"date":"2023-12-28T19:58:56","date_gmt":"2023-12-28T18:58:56","guid":{"rendered":"https:\/\/retoglobal.eu\/?page_id=17"},"modified":"2024-04-12T10:39:17","modified_gmt":"2024-04-12T08:39:17","slug":"reto","status":"publish","type":"page","link":"https:\/\/retoglobal.eu\/index.php\/reto\/","title":{"rendered":"Reto, manifiesto."},"content":{"rendered":"\n<h2 class=\"wp-block-heading has-text-align-center\"><strong>Quienes somos<\/strong><\/h2>\n\n\n\n<p class=\"has-text-align-center has-accent-2-color has-text-color has-link-color wp-elements-bd6520ca85aea2d9eb6da3faec9546e5\"><em><strong>retoglobal.eu es una asociaci\u00f3n que desea transformarse en\u00a0un movimiento ciudadano, abierto y diverso,\u00a0y que esta web sea una herramienta para abordar los desaf\u00edos sociales y ambientales. Nuestro compromiso es\u00a0informar sobre la situaci\u00f3n actual debido a las tres grandes crisis, los tres grandes retos globales a los que nos enfrentamos,\u00a0el estado de\u00a0emergencia clim\u00e1tica,\u00a0la contaminaci\u00f3n y\u00a0la p\u00e9rdida de biodiversidad en que se encuentra nuestro planeta y as\u00ed actuar\u00a0en concordancia siempre teniendo a la justicia social como fin fundamental, como objetivo irrenunciable.<\/strong><\/em><\/p>\n\n\n\n<p>Estamos superando&nbsp;los l\u00edmites biof\u00edsicos planetarios, estamos consumiendo&nbsp;muchos m\u00e1s recursos que los que el planeta puede generar y seguimos aumentando la diferencia.<\/p>\n\n\n\n<p>Necesitamos una transici\u00f3n radical hacia una sociedad que reconozca los l\u00edmites biof\u00edsicos y \u00e9ticos de la existencia humana.<\/p>\n\n\n\n<p>Necesitamos incidir en la sociedad e instituciones para la puesta en marcha de todas las pol\u00edticas de reducci\u00f3n de emisiones, apelando tambi\u00e9n a los Objetivos de Desarrollo Sostenibles.<\/p>\n\n\n\n<p>El caos clim\u00e1tico actual, es s\u00f3lo una peque\u00f1a muestra de las consecuencias del calentamiento global.<\/p>\n\n\n\n<p><strong>La sociedad a trav\u00e9s de la participaci\u00f3n ciudadana y la acci\u00f3n colectiva necesita de personas empoderadas convertidas en ciudadanos comprometidos y activos en la toma de decisiones.<\/strong><\/p>\n\n\n\n<p class=\"has-text-align-center has-accent-1-color has-text-color has-link-color wp-elements-447b32ff725c32ba7a456f3b3737bf69\"><strong><em>\u00abMucha gente peque\u00f1a, en lugares peque\u00f1os, haciendo cosas peque\u00f1as, pueden cambiar el mundo\u00bb Eduardo Galeano. Si nos uni\u00e9semos, eligir\u00edamos el rumbo.<\/em><\/strong><\/p>\n","protected":false},"excerpt":{"rendered":"<p>Quienes somos retoglobal.eu es una asociaci\u00f3n que desea transformarse en\u00a0un movimiento ciudadano, abierto y diverso,\u00a0y que esta web sea una herramienta para abordar los desaf\u00edos &hellip;<\/p>\n","protected":false},"author":1,"featured_media":155,"parent":0,"menu_order":0,"comment_status":"open","ping_status":"closed","template":"","meta":{"footnotes":""},"class_list":["post-17","page","type-page","status-publish","has-post-thumbnail","hentry"],"_links":{"self":[{"href":"https:\/\/retoglobal.eu\/index.php\/wp-json\/wp\/v2\/pages\/17","targetHints":{"allow":["GET"]}}],"collection":[{"href":"https:\/\/retoglobal.eu\/index.php\/wp-json\/wp\/v2\/pages"}],"about":[{"href":"https:\/\/retoglobal.eu\/index.php\/wp-json\/wp\/v2\/types\/page"}],"author":[{"embeddable":true,"href":"https:\/\/retoglobal.eu\/index.php\/wp-json\/wp\/v2\/users\/1"}],"replies":[{"embeddable":true,"href":"https:\/\/retoglobal.eu\/index.php\/wp-json\/wp\/v2\/comments?post=17"}],"version-history":[{"count":4,"href":"https:\/\/retoglobal.eu\/index.php\/wp-json\/wp\/v2\/pages\/17\/revisions"}],"predecessor-version":[{"id":440,"href":"https:\/\/retoglobal.eu\/index.php\/wp-json\/wp\/v2\/pages\/17\/revisions\/440"}],"wp:featuredmedia":[{"embeddable":true,"href":"https:\/\/retoglobal.eu\/index.php\/wp-json\/wp\/v2\/media\/155"}],"wp:attachment":[{"href":"https:\/\/retoglobal.eu\/index.php\/wp-json\/wp\/v2\/media?parent=17"}],"curies":[{"name":"wp","href":"https:\/\/api.w.org\/{rel}","templated":true}]}}

<h2 class="wp-block-heading has-text-align-center"><strong>Quienes somos</strong></h2>



<p class="has-text-align-center has-accent-2-color has-text-color has-link-color wp-elements-bd6520ca85aea2d9eb6da3faec9546e5"><em><strong>retoglobal.eu es una asociación que desea transformarse en un movimiento ciudadano, abierto y diverso, y que esta web sea una herramienta para abordar los desafíos sociales y ambientales. Nuestro compromiso es informar sobre la situación actual debido a las tres grandes crisis, los tres grandes retos globales a los que nos enfrentamos, el estado de emergencia climática, la contaminación y la pérdida de biodiversidad en que se encuentra nuestro planeta y así actuar en concordancia siempre teniendo a la justicia social como fin fundamental, como objetivo irrenunciable.</strong></em></p>



<p>Estamos superando&nbsp;los límites biofísicos planetarios, estamos consumiendo&nbsp;muchos más recursos que los que el planeta puede generar y seguimos aumentando la diferencia.</p>



<p>Necesitamos una transición radical hacia una sociedad que reconozca los límites biofísicos y éticos de la existencia humana.</p>



<p>Necesitamos incidir en la sociedad e instituciones para la puesta en marcha de todas las políticas de reducción de emisiones, apelando también a los Objetivos de Desarrollo Sostenibles.</p>



<p>El caos climático actual, es sólo una pequeña muestra de las consecuencias del calentamiento global.</p>



<p><strong>La sociedad a través de la participación ciudadana y la acción colectiva necesita de personas empoderadas convertidas en ciudadanos comprometidos y activos en la toma de decisiones.</strong></p>



<p class="has-text-align-center has-accent-1-color has-text-color has-link-color wp-elements-447b32ff725c32ba7a456f3b3737bf69"><strong><em>«Mucha gente pequeña, en lugares pequeños, haciendo cosas pequeñas, pueden cambiar el mundo» Eduardo Galeano. Si nos uniésemos, eligiríamos el rumbo.</em></strong></p>

<p>Quienes somos retoglobal.eu es una asociación que desea transformarse en un movimiento ciudadano, abierto y diverso, y que esta web sea una herramienta para abordar los desafíos &hellip;</p>
