{"id":158,"date":"2024-01-07T18:52:21","date_gmt":"2024-01-07T17:52:21","guid":{"rendered":"https:\/\/retoglobal.eu\/?page_id=158"},"modified":"2024-03-26T18:05:20","modified_gmt":"2024-03-26T17:05:20","slug":"manifiesto-de-la-asociacion-retoglobal-eu","status":"publish","type":"page","link":"https:\/\/retoglobal.eu\/index.php\/reto\/manifiesto-de-la-asociacion-retoglobal-eu\/","title":{"rendered":"Manifiesto de la Asociaci\u00f3n retoglobal.eu."},"content":{"rendered":"\n<h2 class=\"wp-block-heading\">Este manifiesto es un documento din\u00e1mico que se actualizar\u00e1 peri\u00f3dicamente para reflejar nuevos compromisos y adaptar los existentes a las necesidades cambiantes.<\/h2>\n\n\n\n<p>Cuenta con dos partes bien definidas, la primera donde establecemos nuestros valores, nuestros principios y nuestros objetivos, y una segunda parte donde detallamos nuestros compromisos en cada una de las \u00e1reas fundamentales para lograr los objetivos.<\/p>\n\n\n\n<h2 class=\"wp-block-heading\"><strong>Antecedentes,<\/strong><\/h2>\n\n\n\n<p><strong>Nos encontramos ante un planeta en crisis<\/strong>, en <strong>un momento cr\u00edtico y decisivo<\/strong> de la historia de la humanidad, estamos inmersos en la d\u00e9cada decisiva con desaf\u00edos que trascienden fronteras geogr\u00e1ficas y temporales.<\/p>\n\n\n\n<p>La emergencia clim\u00e1tica, el da\u00f1o y la devastaci\u00f3n de los ecosistemas, la p\u00e9rdida de biodiversidad, la contaminaci\u00f3n global en todas sus formas, est\u00e1n estrechamente ligadas y atentan contra todos los seres vivos.<\/p>\n\n\n\n<p>Este deterioro, respaldado por informes de organismos globales como Naciones Unidas y otros, exige una acci\u00f3n inmediata. El fracaso de las cumbres clim\u00e1ticas, los acuerdos internacionales de m\u00ednimos e insuficientes y el continuo desprecio por los l\u00edmites planetarios est\u00e1n poniendo en riesgo nuestro futuro y el de miles de millones de seres vivos, <strong>no podemos permitir que la inacci\u00f3n defina nuestro legado.<\/strong><\/p>\n\n\n\n<p class=\"has-text-align-center\"><strong><em>\u201cNecesitamos un cambio sist\u00e9mico valiente, urgente y a gran escala para aspirar a un futuro sostenible.\u201d<\/em><\/strong><\/p>\n\n\n\n<p>Desde la<strong> Asociaci\u00f3n retoglobal.eu,<\/strong> como asociaci\u00f3n medioambiental comprometida con la preservaci\u00f3n y restauraci\u00f3n de nuestro entorno natural, en la lucha contra la emergencia clim\u00e1tica y ecol\u00f3gica, siempre teniendo al consenso cient\u00edfico como referencia y a la justicia social como fin fundamental y como objetivo irrenunciable, nos comprometemos a intentar <strong>transformar los desaf\u00edos <\/strong>para construir un mundo donde la humanidad viva en armon\u00eda con la naturaleza, respete los l\u00edmites planetarios, donde cada individuo y comunidad se esfuerce por proteger y conservar nuestro entorno natural.<\/p>\n\n\n\n<h2 class=\"wp-block-heading\"><strong>Nuestros valores,<\/strong><\/h2>\n\n\n\n<ul class=\"wp-block-list\">\n<li><strong>Compromiso con el planeta:<\/strong>&nbsp;Creemos en la responsabilidad individual y colectiva para proteger el medio ambiente y garantizar un futuro sostenible.<\/li>\n\n\n\n<li><strong>Justicia ambiental:<\/strong>&nbsp;&nbsp;Abogamos por un acceso equitativo a un medio ambiente sano para todas las personas, independientemente de su origen, condici\u00f3n socioecon\u00f3mica o ubicaci\u00f3n geogr\u00e1fica.<\/li>\n\n\n\n<li><strong>Acci\u00f3n colectiva:<\/strong>&nbsp;Colaboraci\u00f3n global y acci\u00f3n conjunta para superar el cambio clim\u00e1tico y otros desaf\u00edos ambientales.<\/li>\n\n\n\n<li><strong>Educaci\u00f3n y Conciencia: <\/strong>Promovemos la educaci\u00f3n y la sensibilizaci\u00f3n como herramientas fundamentales para crear una sociedad consciente y responsable e inspirar cambios positivos en la sociedad. Nos esforzamos por difundir sobre los problemas, causas y consecuencias tanto ambientales como sociales y sobre que soluciones disponibles, promoviendo un mayor conocimiento y comprensi\u00f3n de la importancia de lograr los objetivos clim\u00e1ticos y ambientales.<\/li>\n\n\n\n<li><strong>Ciencia y conocimiento:<\/strong>&nbsp;Basamos nuestras acciones en la evidencia cient\u00edfica y el conocimiento experto para tomar decisiones informadas y efectivas.<\/li>\n\n\n\n<li><strong>Colaboraci\u00f3n, participaci\u00f3n y cooperaci\u00f3n:<\/strong>&nbsp;Fomentamos la colaboraci\u00f3n entre diversos actores, desde individuos hasta organizaciones e instituciones, para lograr un cambio ambiental positivo.<\/li>\n\n\n\n<li><strong>Compromiso con la Acci\u00f3n:<\/strong> Reconocemos que cada acci\u00f3n, por peque\u00f1a que sea, puede tener un impacto significativo en el medio ambiente. Nos comprometemos a tomar medidas concretas y efectivas para reducir nuestro impacto ambiental y fomentar un estilo de vida sostenible.<\/li>\n<\/ul>\n\n\n\n<h2 class=\"wp-block-heading\"><strong>Nuestros Principios,<\/strong><\/h2>\n\n\n\n<ul class=\"wp-block-list\">\n<li><strong>Enfoque cient\u00edfico:<\/strong>&nbsp;Basamos nuestras decisiones y acciones en evidencia cient\u00edfica s\u00f3lida y actualizada.<\/li>\n\n\n\n<li><strong>Transparencia y rendici\u00f3n de cuentas:<\/strong>&nbsp;Transparencia en las acciones y rendici\u00f3n de cuentas ante miembros, socios y la sociedad.<\/li>\n\n\n\n<li><strong>Participaci\u00f3n inclusiva:<\/strong>&nbsp;Fomentamos la participaci\u00f3n activa de todos los sectores de la sociedad en la toma de decisiones y la acci\u00f3n ambiental.<\/li>\n\n\n\n<li><strong>Equidad y justicia:<\/strong>&nbsp;Buscamos soluciones justas y equitativas que consideren las necesidades y vulnerabilidades de todas las personas.<\/li>\n\n\n\n<li><strong>Sostenibilidad:<\/strong> Nos guiamos por el principio de&nbsp;satisfacer las necesidades&nbsp;del presente sin comprometer la capacidad de las generaciones futuras y de la <strong>equidad intergeneracional <\/strong>porque consideramos las necesidades de las generaciones presentes y futuras en todas nuestras decisiones.<\/li>\n\n\n\n<li><strong>Acci\u00f3n urgente:<\/strong>&nbsp;Reconocemos la urgencia de actuar frente al cambio clim\u00e1tico y la degradaci\u00f3n ambiental, y nos comprometemos a tomar medidas inmediatas.<\/li>\n\n\n\n<li><strong>Transformaci\u00f3n sist\u00e9mica:<\/strong>&nbsp;Buscamos cambios profundos en los sistemas sociales, econ\u00f3micos y pol\u00edticos que generan problemas ambientales y sociales.<\/li>\n\n\n\n<li><strong>Enfoque preventivo:<\/strong>&nbsp;Prevenimos el da\u00f1o ambiental y sus consecuencias sociales en lugar de solo mitigar sus consecuencias.<\/li>\n\n\n\n<li><strong>Responsabilidad compartida:<\/strong>&nbsp;Compartimos la responsabilidad de proteger el medio ambiente y a la sociedad entre todos sus actores.<\/li>\n<\/ul>\n\n\n\n<h2 class=\"wp-block-heading\"><strong>Nuestros Objetivos,<\/strong><\/h2>\n\n\n\n<ul class=\"wp-block-list\">\n<li><strong>Promover un estilo de vida sostenible: <\/strong>Promover la adopci\u00f3n de un estilo de vida sostenible en todos los \u00e1mbitos, desde el consumo responsable hasta la gesti\u00f3n de residuos. Impulsar la sostenibilidad en todos los sectores de la sociedad.<\/li>\n\n\n\n<li><strong>Defender pol\u00edticas ambientales efectivas:<\/strong>&nbsp;Abogar por pol\u00edticas ambientales y sociales efectivas y acciones concretas para combatir el cambio clim\u00e1tico, la p\u00e9rdida de biodiversidad y otros desaf\u00edos ambientales globales con grandes repercusiones sociales.<\/li>\n\n\n\n<li><strong>Proteger y restaurar ecosistemas: <\/strong>Fomentar la protecci\u00f3n y restauraci\u00f3n de los ecosistemas naturales en todo el mundo, salvaguardando la biodiversidad.<\/li>\n\n\n\n<li><strong>Empoderar a las comunidades: <\/strong>Empoderar a las comunidades para que se conviertan en agentes de cambio ambiental y social en sus propios entornos.<\/li>\n\n\n\n<li><strong>Ampliar el impacto: <\/strong>Fortalecer la colaboraci\u00f3n con otras organizaciones y actores clave para amplificar nuestro impacto y promover soluciones sostenibles a nivel global.<\/li>\n\n\n\n<li>Promover una <strong>econom\u00eda social<\/strong> que valore los recursos naturales.<\/li>\n\n\n\n<li>Defender y respetar los derechos humanos y ambientales, difundir y reclamar el cumplimiento de la <strong>Declaraci\u00f3n Universal de los Derechos Humanos, los Objetivos de Desarrollo Sostenible<\/strong>, etc.<\/li>\n\n\n\n<li>Fomentar la <strong>justicia clim\u00e1tica y garantizar una transici\u00f3n justa<\/strong> hacia una sociedad sostenible.<\/li>\n<\/ul>\n\n\n\n<h2 class=\"wp-block-heading\"><strong><u>Compromisos,<\/u><\/strong> <strong>(Se abren nuevas ventanas)<\/strong><\/h2>\n\n\n\n<ul class=\"wp-block-list\">\n<li><strong><a href=\"https:\/\/retoglobal.eu\/index.php\/reto\/manifiesto-de-la-asociacion-retoglobal-eu\/educar-sensibilizar-y-difundir\/\">Educar, sensibilizar y difundir<\/a>.<\/strong><\/li>\n\n\n\n<li><strong><a href=\"https:\/\/retoglobal.eu\/index.php\/reto\/manifiesto-de-la-asociacion-retoglobal-eu\/leyes-acuerdos-compromisos-y-normativas-vigentes\/\">Cumplir Leyes, acuerdos, compromisos y normativas.<\/a><\/strong><\/li>\n\n\n\n<li><strong><a href=\"https:\/\/retoglobal.eu\/?page_id=413\">Combatir a la crisis clim\u00e1tica y ecol\u00f3gica.<\/a><\/strong><\/li>\n\n\n\n<li><strong><a href=\"https:\/\/retoglobal.eu\/?page_id=383\">Reducci\u00f3n del consumo y la producci\u00f3n.<\/a><\/strong><\/li>\n\n\n\n<li><strong><a href=\"https:\/\/retoglobal.eu\/index.php\/reto\/manifiesto-de-la-asociacion-retoglobal-eu\/reduccion-del-consumo-y-de-la-produccion\/comercio\/\">Nuevas reglas de comercio.<\/a><\/strong><\/li>\n\n\n\n<li><strong><a href=\"https:\/\/retoglobal.eu\/?page_id=396\">Ciudades verdes y realmente sostenibles.<\/a><\/strong><\/li>\n\n\n\n<li><strong><a href=\"https:\/\/retoglobal.eu\/index.php\/reto\/manifiesto-de-la-asociacion-retoglobal-eu\/reduccion-del-consumo-y-de-la-produccion\/transformacion-socio-economica\/movilidad-sostenible\/\">Transformar el modelo de movilidad.<\/a><\/strong><\/li>\n\n\n\n<li><strong><a href=\"https:\/\/retoglobal.eu\/index.php\/reto\/manifiesto-de-la-asociacion-retoglobal-eu\/reduccion-del-consumo-y-de-la-produccion\/transformacion-socio-economica\/transicion-energetica\/\">Transici\u00f3n energ\u00e9tica.<\/a><\/strong><\/li>\n\n\n\n<li><strong><a href=\"https:\/\/retoglobal.eu\/index.php\/reto\/manifiesto-de-la-asociacion-retoglobal-eu\/reduccion-del-consumo-y-de-la-produccion\/transformacion-socio-economica\/\">Transformaci\u00f3n socio-econ\u00f3mica justa.<\/a><\/strong><\/li>\n\n\n\n<li><strong><a href=\"https:\/\/retoglobal.eu\/?page_id=389\">Justicia, democracia y trasparencia<\/a>.<\/strong><\/li>\n<\/ul>\n\n\n\n<p><\/p>\n\n\n\n<p>\u00ab\u00a1S\u00e9 parte del cambio! \u00danete a la <strong>Asociaci\u00f3n retoglobal.eu<\/strong> para transformar desaf\u00edos!\u00bb.<\/p>\n\n\n\n<p><strong>Apoyo al manifiesto de Asociaci\u00f3n retoglobal.eu<\/strong><\/p>\n\n\n\n<p>\u00bfQU\u00c9 SIGNIFICA APOYAR ESTE MANIFIESTO?<br>Apoyar el manifiesto significa estar de acuerdo y hacer propia la causa detallada en el mismo, y apoyar a <strong>retoglobal.eu<\/strong> en sus actuaciones para lograr las demandas mencionadas.<\/p>\n\n\n\n<p>Desde la sociedad civil queremos aportar nuestra preocupaci\u00f3n, nuestra visi\u00f3n, nuestras propuestas y nos ofrecemos para <strong>proponer y explicar el modelo de sociedad ecol\u00f3gica y sostenible que queremos y necesitamos, en las que todas nos sintamos identificados y comprometidas.<\/strong><\/p>\n\n\n\n<h2 class=\"wp-block-heading\">Si quieres participar, no tienes m\u00e1s que realizar tus aportaciones y\/o sugerencias al correo <a href=\"mailto:marcosmar@retoglobal.eu\" target=\"_blank\" rel=\"noreferrer noopener\">mgm@retoglobal.eu<\/a><\/h2>\n\n\n\n<h2 class=\"wp-block-heading\">Muchas gracias.<\/h2>\n","protected":false},"excerpt":{"rendered":"<p>Este manifiesto es un documento din\u00e1mico que se actualizar\u00e1 peri\u00f3dicamente para reflejar nuevos compromisos y adaptar los existentes a las necesidades cambiantes. Cuenta con dos &hellip;<\/p>\n","protected":false},"author":1,"featured_media":0,"parent":17,"menu_order":-1,"comment_status":"open","ping_status":"closed","template":"","meta":{"footnotes":""},"class_list":["post-158","page","type-page","status-publish","hentry"],"_links":{"self":[{"href":"https:\/\/retoglobal.eu\/index.php\/wp-json\/wp\/v2\/pages\/158","targetHints":{"allow":["GET"]}}],"collection":[{"href":"https:\/\/retoglobal.eu\/index.php\/wp-json\/wp\/v2\/pages"}],"about":[{"href":"https:\/\/retoglobal.eu\/index.php\/wp-json\/wp\/v2\/types\/page"}],"author":[{"embeddable":true,"href":"https:\/\/retoglobal.eu\/index.php\/wp-json\/wp\/v2\/users\/1"}],"replies":[{"embeddable":true,"href":"https:\/\/retoglobal.eu\/index.php\/wp-json\/wp\/v2\/comments?post=158"}],"version-history":[{"count":15,"href":"https:\/\/retoglobal.eu\/index.php\/wp-json\/wp\/v2\/pages\/158\/revisions"}],"predecessor-version":[{"id":421,"href":"https:\/\/retoglobal.eu\/index.php\/wp-json\/wp\/v2\/pages\/158\/revisions\/421"}],"up":[{"embeddable":true,"href":"https:\/\/retoglobal.eu\/index.php\/wp-json\/wp\/v2\/pages\/17"}],"wp:attachment":[{"href":"https:\/\/retoglobal.eu\/index.php\/wp-json\/wp\/v2\/media?parent=158"}],"curies":[{"name":"wp","href":"https:\/\/api.w.org\/{rel}","templated":true}]}}

Manifiesto de la Asociación retoglobal.eu.

<h2 class="wp-block-heading">Este manifiesto es un documento dinámico que se actualizará periódicamente para reflejar nuevos compromisos y adaptar los existentes a las necesidades cambiantes.</h2>



<p>Cuenta con dos partes bien definidas, la primera donde establecemos nuestros valores, nuestros principios y nuestros objetivos, y una segunda parte donde detallamos nuestros compromisos en cada una de las áreas fundamentales para lograr los objetivos.</p>



<h2 class="wp-block-heading"><strong>Antecedentes,</strong></h2>



<p><strong>Nos encontramos ante un planeta en crisis</strong>, en <strong>un momento crítico y decisivo</strong> de la historia de la humanidad, estamos inmersos en la década decisiva con desafíos que trascienden fronteras geográficas y temporales.</p>



<p>La emergencia climática, el daño y la devastación de los ecosistemas, la pérdida de biodiversidad, la contaminación global en todas sus formas, están estrechamente ligadas y atentan contra todos los seres vivos.</p>



<p>Este deterioro, respaldado por informes de organismos globales como Naciones Unidas y otros, exige una acción inmediata. El fracaso de las cumbres climáticas, los acuerdos internacionales de mínimos e insuficientes y el continuo desprecio por los límites planetarios están poniendo en riesgo nuestro futuro y el de miles de millones de seres vivos, <strong>no podemos permitir que la inacción defina nuestro legado.</strong></p>



<p class="has-text-align-center"><strong><em>“Necesitamos un cambio sistémico valiente, urgente y a gran escala para aspirar a un futuro sostenible.”</em></strong></p>



<p>Desde la<strong> Asociación retoglobal.eu,</strong> como asociación medioambiental comprometida con la preservación y restauración de nuestro entorno natural, en la lucha contra la emergencia climática y ecológica, siempre teniendo al consenso científico como referencia y a la justicia social como fin fundamental y como objetivo irrenunciable, nos comprometemos a intentar <strong>transformar los desafíos </strong>para construir un mundo donde la humanidad viva en armonía con la naturaleza, respete los límites planetarios, donde cada individuo y comunidad se esfuerce por proteger y conservar nuestro entorno natural.</p>



<h2 class="wp-block-heading"><strong>Nuestros valores,</strong></h2>



<ul class="wp-block-list">
<li><strong>Compromiso con el planeta:</strong>&nbsp;Creemos en la responsabilidad individual y colectiva para proteger el medio ambiente y garantizar un futuro sostenible.</li>



<li><strong>Justicia ambiental:</strong>&nbsp;&nbsp;Abogamos por un acceso equitativo a un medio ambiente sano para todas las personas, independientemente de su origen, condición socioeconómica o ubicación geográfica.</li>



<li><strong>Acción colectiva:</strong>&nbsp;Colaboración global y acción conjunta para superar el cambio climático y otros desafíos ambientales.</li>



<li><strong>Educación y Conciencia: </strong>Promovemos la educación y la sensibilización como herramientas fundamentales para crear una sociedad consciente y responsable e inspirar cambios positivos en la sociedad. Nos esforzamos por difundir sobre los problemas, causas y consecuencias tanto ambientales como sociales y sobre que soluciones disponibles, promoviendo un mayor conocimiento y comprensión de la importancia de lograr los objetivos climáticos y ambientales.</li>



<li><strong>Ciencia y conocimiento:</strong>&nbsp;Basamos nuestras acciones en la evidencia científica y el conocimiento experto para tomar decisiones informadas y efectivas.</li>



<li><strong>Colaboración, participación y cooperación:</strong>&nbsp;Fomentamos la colaboración entre diversos actores, desde individuos hasta organizaciones e instituciones, para lograr un cambio ambiental positivo.</li>



<li><strong>Compromiso con la Acción:</strong> Reconocemos que cada acción, por pequeña que sea, puede tener un impacto significativo en el medio ambiente. Nos comprometemos a tomar medidas concretas y efectivas para reducir nuestro impacto ambiental y fomentar un estilo de vida sostenible.</li>
</ul>



<h2 class="wp-block-heading"><strong>Nuestros Principios,</strong></h2>



<ul class="wp-block-list">
<li><strong>Enfoque científico:</strong>&nbsp;Basamos nuestras decisiones y acciones en evidencia científica sólida y actualizada.</li>



<li><strong>Transparencia y rendición de cuentas:</strong>&nbsp;Transparencia en las acciones y rendición de cuentas ante miembros, socios y la sociedad.</li>



<li><strong>Participación inclusiva:</strong>&nbsp;Fomentamos la participación activa de todos los sectores de la sociedad en la toma de decisiones y la acción ambiental.</li>



<li><strong>Equidad y justicia:</strong>&nbsp;Buscamos soluciones justas y equitativas que consideren las necesidades y vulnerabilidades de todas las personas.</li>



<li><strong>Sostenibilidad:</strong> Nos guiamos por el principio de&nbsp;satisfacer las necesidades&nbsp;del presente sin comprometer la capacidad de las generaciones futuras y de la <strong>equidad intergeneracional </strong>porque consideramos las necesidades de las generaciones presentes y futuras en todas nuestras decisiones.</li>



<li><strong>Acción urgente:</strong>&nbsp;Reconocemos la urgencia de actuar frente al cambio climático y la degradación ambiental, y nos comprometemos a tomar medidas inmediatas.</li>



<li><strong>Transformación sistémica:</strong>&nbsp;Buscamos cambios profundos en los sistemas sociales, económicos y políticos que generan problemas ambientales y sociales.</li>



<li><strong>Enfoque preventivo:</strong>&nbsp;Prevenimos el daño ambiental y sus consecuencias sociales en lugar de solo mitigar sus consecuencias.</li>



<li><strong>Responsabilidad compartida:</strong>&nbsp;Compartimos la responsabilidad de proteger el medio ambiente y a la sociedad entre todos sus actores.</li>
</ul>



<h2 class="wp-block-heading"><strong>Nuestros Objetivos,</strong></h2>



<ul class="wp-block-list">
<li><strong>Promover un estilo de vida sostenible: </strong>Promover la adopción de un estilo de vida sostenible en todos los ámbitos, desde el consumo responsable hasta la gestión de residuos. Impulsar la sostenibilidad en todos los sectores de la sociedad.</li>



<li><strong>Defender políticas ambientales efectivas:</strong>&nbsp;Abogar por políticas ambientales y sociales efectivas y acciones concretas para combatir el cambio climático, la pérdida de biodiversidad y otros desafíos ambientales globales con grandes repercusiones sociales.</li>



<li><strong>Proteger y restaurar ecosistemas: </strong>Fomentar la protección y restauración de los ecosistemas naturales en todo el mundo, salvaguardando la biodiversidad.</li>



<li><strong>Empoderar a las comunidades: </strong>Empoderar a las comunidades para que se conviertan en agentes de cambio ambiental y social en sus propios entornos.</li>



<li><strong>Ampliar el impacto: </strong>Fortalecer la colaboración con otras organizaciones y actores clave para amplificar nuestro impacto y promover soluciones sostenibles a nivel global.</li>



<li>Promover una <strong>economía social</strong> que valore los recursos naturales.</li>



<li>Defender y respetar los derechos humanos y ambientales, difundir y reclamar el cumplimiento de la <strong>Declaración Universal de los Derechos Humanos, los Objetivos de Desarrollo Sostenible</strong>, etc.</li>



<li>Fomentar la <strong>justicia climática y garantizar una transición justa</strong> hacia una sociedad sostenible.</li>
</ul>



<h2 class="wp-block-heading"><strong><u>Compromisos,</u></strong> <strong>(Se abren nuevas ventanas)</strong></h2>



<ul class="wp-block-list">
<li><strong><a href="https://retoglobal.eu/index.php/reto/manifiesto-de-la-asociacion-retoglobal-eu/educar-sensibilizar-y-difundir/">Educar, sensibilizar y difundir</a>.</strong></li>



<li><strong><a href="https://retoglobal.eu/index.php/reto/manifiesto-de-la-asociacion-retoglobal-eu/leyes-acuerdos-compromisos-y-normativas-vigentes/">Cumplir Leyes, acuerdos, compromisos y normativas.</a></strong></li>



<li><strong><a href="https://retoglobal.eu/?page_id=413">Combatir a la crisis climática y ecológica.</a></strong></li>



<li><strong><a href="https://retoglobal.eu/?page_id=383">Reducción del consumo y la producción.</a></strong></li>



<li><strong><a href="https://retoglobal.eu/index.php/reto/manifiesto-de-la-asociacion-retoglobal-eu/reduccion-del-consumo-y-de-la-produccion/comercio/">Nuevas reglas de comercio.</a></strong></li>



<li><strong><a href="https://retoglobal.eu/?page_id=396">Ciudades verdes y realmente sostenibles.</a></strong></li>



<li><strong><a href="https://retoglobal.eu/index.php/reto/manifiesto-de-la-asociacion-retoglobal-eu/reduccion-del-consumo-y-de-la-produccion/transformacion-socio-economica/movilidad-sostenible/">Transformar el modelo de movilidad.</a></strong></li>



<li><strong><a href="https://retoglobal.eu/index.php/reto/manifiesto-de-la-asociacion-retoglobal-eu/reduccion-del-consumo-y-de-la-produccion/transformacion-socio-economica/transicion-energetica/">Transición energética.</a></strong></li>



<li><strong><a href="https://retoglobal.eu/index.php/reto/manifiesto-de-la-asociacion-retoglobal-eu/reduccion-del-consumo-y-de-la-produccion/transformacion-socio-economica/">Transformación socio-económica justa.</a></strong></li>



<li><strong><a href="https://retoglobal.eu/?page_id=389">Justicia, democracia y trasparencia</a>.</strong></li>
</ul>



<p></p>



<p>«¡Sé parte del cambio! Únete a la <strong>Asociación retoglobal.eu</strong> para transformar desafíos!».</p>



<p><strong>Apoyo al manifiesto de Asociación retoglobal.eu</strong></p>



<p>¿QUÉ SIGNIFICA APOYAR ESTE MANIFIESTO?<br>Apoyar el manifiesto significa estar de acuerdo y hacer propia la causa detallada en el mismo, y apoyar a <strong>retoglobal.eu</strong> en sus actuaciones para lograr las demandas mencionadas.</p>



<p>Desde la sociedad civil queremos aportar nuestra preocupación, nuestra visión, nuestras propuestas y nos ofrecemos para <strong>proponer y explicar el modelo de sociedad ecológica y sostenible que queremos y necesitamos, en las que todas nos sintamos identificados y comprometidas.</strong></p>



<h2 class="wp-block-heading">Si quieres participar, no tienes más que realizar tus aportaciones y/o sugerencias al correo <a href="mailto:marcosmar@retoglobal.eu" target="_blank" rel="noreferrer noopener">mgm@retoglobal.eu</a></h2>



<h2 class="wp-block-heading">Muchas gracias.</h2>

<p>Este manifiesto es un documento dinámico que se actualizará periódicamente para reflejar nuevos compromisos y adaptar los existentes a las necesidades cambiantes. Cuenta con dos &hellip;</p>
