{"id":125,"date":"2024-01-07T13:57:43","date_gmt":"2024-01-07T12:57:43","guid":{"rendered":"https:\/\/retoglobal.eu\/?page_id=125"},"modified":"2024-10-22T11:31:20","modified_gmt":"2024-10-22T09:31:20","slug":"abordando-el-cambio-climatico-una-llamada-a-la-accion-urgente-y-colectiva-tenemos-un-gran-retoglobal-aqui-y-ahora","status":"publish","type":"page","link":"https:\/\/retoglobal.eu\/index.php\/pacto-europeo-x-el-clima\/abordando-el-cambio-climatico-una-llamada-a-la-accion-urgente-y-colectiva-tenemos-un-gran-retoglobal-aqui-y-ahora\/","title":{"rendered":"Abordando el Cambio Clim\u00e1tico: Una Llamada a la Acci\u00f3n Urgente y Colectiva. Tenemos un gran retoglobal aqu\u00ed y ahora."},"content":{"rendered":"\n<h2 class=\"wp-block-heading has-text-align-center\">El cambio clim\u00e1tico es una realidad innegable que se manifiesta de manera tangible en nuestro presente. Cada d\u00eda, sus impactos se intensifican, dejando a su paso consecuencias devastadoras que afectan a comunidades enteras. Entre estas, se destaca el aumento de refugiados clim\u00e1ticos, una problem\u00e1tica que crece de manera alarmante.<\/h2>\n\n\n\n<h2 class=\"wp-block-heading has-text-align-center\"><strong><em>Los <a href=\"https:\/\/www.internal-displacement.org\/global-report\/grid2023\">refugiados clim\u00e1ticos<\/a> son una realidad, aqu\u00ed y ahora, y van en aumento.<\/em><\/strong><\/h2>\n\n\n\n<figure class=\"wp-block-gallery has-nested-images columns-default is-cropped wp-block-gallery-1 is-layout-flex wp-block-gallery-is-layout-flex\">\n<figure class=\"wp-block-image size-large\"><img loading=\"lazy\" decoding=\"async\" width=\"1024\" height=\"322\" data-id=\"8\" src=\"https:\/\/retoglobal.eu\/wp-content\/uploads\/2023\/12\/retoglobal-100-1-1024x322.jpg\" alt=\"RETOGLOBAL.EU\" class=\"wp-image-8\" srcset=\"https:\/\/retoglobal.eu\/wp-content\/uploads\/2023\/12\/retoglobal-100-1-1024x322.jpg 1024w, https:\/\/retoglobal.eu\/wp-content\/uploads\/2023\/12\/retoglobal-100-1-431x136.jpg 431w, https:\/\/retoglobal.eu\/wp-content\/uploads\/2023\/12\/retoglobal-100-1-300x94.jpg 300w, https:\/\/retoglobal.eu\/wp-content\/uploads\/2023\/12\/retoglobal-100-1-768x242.jpg 768w, https:\/\/retoglobal.eu\/wp-content\/uploads\/2023\/12\/retoglobal-100-1-1536x484.jpg 1536w, https:\/\/retoglobal.eu\/wp-content\/uploads\/2023\/12\/retoglobal-100-1-421x133.jpg 421w, https:\/\/retoglobal.eu\/wp-content\/uploads\/2023\/12\/retoglobal-100-1.jpg 1804w\" sizes=\"auto, (max-width: 1024px) 100vw, 1024px\" \/><figcaption class=\"wp-element-caption\">RETOGLOBL.EU, transformando desaf\u00edos.<\/figcaption><\/figure>\n<\/figure>\n\n\n\n<p>A pesar de los compromisos establecidos en el <a href=\"https:\/\/unfccc.int\/sites\/default\/files\/spanish_paris_agreement.pdf\" target=\"_blank\" rel=\"noreferrer noopener\">Acuerdo de Par\u00eds 2015<\/a>, nos encontramos distantes de alcanzar sus objetivos. Las cat\u00e1strofes ambientales aumentan en frecuencia e intensidad, generando da\u00f1os econ\u00f3micos y desplazamientos masivos. Urge una respuesta decidida y valiente, y es imperativo que la Uni\u00f3n Europea, como instituci\u00f3n de peso, lidere los esfuerzos para revertir esta situaci\u00f3n.<\/p>\n\n\n\n<p>Frente a la amenaza de sequ\u00edas, incendios forestales, elevaci\u00f3n del nivel del mar, acidificaci\u00f3n de los oc\u00e9anos y otros desaf\u00edos, es crucial acelerar nuestras acciones. La ciencia nos alerta sobre la inminencia de la sexta extinci\u00f3n masiva, enfatizando la necesidad de corregir nuestras interacciones con la naturaleza. Proteger la salud y el bienestar de las personas y garantizar un planeta habitable para las generaciones futuras son objetivos inaplazables.<\/p>\n\n\n\n<p>Para alcanzar estos objetivos, es esencial fortalecer la gobernanza y aplicar de manera efectiva el Pacto a todos los niveles. La difusi\u00f3n de informaci\u00f3n cient\u00edfica s\u00f3lida, la promoci\u00f3n de la cultura clim\u00e1tica y la integraci\u00f3n de soluciones clim\u00e1ticas en todos los \u00e1mbitos son pasos cruciales. Un \u00e9nfasis especial en la inclusi\u00f3n de programas educativos a todos los niveles garantizar\u00e1 una comprensi\u00f3n generalizada de la gravedad de la situaci\u00f3n.<\/p>\n\n\n\n<p>Combatir la desinformaci\u00f3n es fundamental. Desacreditar los mitos sobre el clima y contrarrestar la negaci\u00f3n del cambio clim\u00e1tico son acciones necesarias para construir una conciencia colectiva. La colaboraci\u00f3n con iniciativas ya existentes y el respaldo activo a proyectos en marcha son pasos pr\u00e1cticos que nos permitir\u00e1n abordar este desaf\u00edo de manera m\u00e1s efectiva.<\/p>\n\n\n\n<p class=\"has-text-align-center\"><em>Enfrentar el cambio clim\u00e1tico exige una acci\u00f3n inmediata y coordinada. La colaboraci\u00f3n internacional, liderada por instituciones como la Uni\u00f3n Europea, es esencial para revertir los da\u00f1os causados y construir un futuro sostenible. Cada uno de nosotros tiene un papel vital en esta empresa, y es nuestro deber actuar ahora para preservar nuestro planeta y asegurar un legado habitable para las generaciones venideras.<\/em><\/p>\n\n\n\n<p><a href=\"https:\/\/eur-lex.europa.eu\/legal-content\/ES\/TXT\/PDF\/?uri=CELEX:52020DC0788&amp;from=EN\" target=\"_blank\" rel=\"noreferrer noopener\"><strong><em>Texto completo del Pacto Clim\u00e1tico europeo.<\/em><\/strong><\/a><\/p>\n","protected":false},"excerpt":{"rendered":"<p>El cambio clim\u00e1tico es una realidad innegable que se manifiesta de manera tangible en nuestro presente. Cada d\u00eda, sus impactos se intensifican, dejando a su &hellip;<\/p>\n","protected":false},"author":1,"featured_media":665,"parent":21,"menu_order":-3,"comment_status":"closed","ping_status":"closed","template":"","meta":{"footnotes":""},"class_list":["post-125","page","type-page","status-publish","has-post-thumbnail","hentry"],"_links":{"self":[{"href":"https:\/\/retoglobal.eu\/index.php\/wp-json\/wp\/v2\/pages\/125","targetHints":{"allow":["GET"]}}],"collection":[{"href":"https:\/\/retoglobal.eu\/index.php\/wp-json\/wp\/v2\/pages"}],"about":[{"href":"https:\/\/retoglobal.eu\/index.php\/wp-json\/wp\/v2\/types\/page"}],"author":[{"embeddable":true,"href":"https:\/\/retoglobal.eu\/index.php\/wp-json\/wp\/v2\/users\/1"}],"replies":[{"embeddable":true,"href":"https:\/\/retoglobal.eu\/index.php\/wp-json\/wp\/v2\/comments?post=125"}],"version-history":[{"count":3,"href":"https:\/\/retoglobal.eu\/index.php\/wp-json\/wp\/v2\/pages\/125\/revisions"}],"predecessor-version":[{"id":678,"href":"https:\/\/retoglobal.eu\/index.php\/wp-json\/wp\/v2\/pages\/125\/revisions\/678"}],"up":[{"embeddable":true,"href":"https:\/\/retoglobal.eu\/index.php\/wp-json\/wp\/v2\/pages\/21"}],"wp:featuredmedia":[{"embeddable":true,"href":"https:\/\/retoglobal.eu\/index.php\/wp-json\/wp\/v2\/media\/665"}],"wp:attachment":[{"href":"https:\/\/retoglobal.eu\/index.php\/wp-json\/wp\/v2\/media?parent=125"}],"curies":[{"name":"wp","href":"https:\/\/api.w.org\/{rel}","templated":true}]}}

Abordando el Cambio Climático: Una Llamada a la Acción Urgente y Colectiva. Tenemos un gran retoglobal aquí y ahora.

<h2 class="wp-block-heading has-text-align-center">El cambio climático es una realidad innegable que se manifiesta de manera tangible en nuestro presente. Cada día, sus impactos se intensifican, dejando a su paso consecuencias devastadoras que afectan a comunidades enteras. Entre estas, se destaca el aumento de refugiados climáticos, una problemática que crece de manera alarmante.</h2>



<h2 class="wp-block-heading has-text-align-center"><strong><em>Los <a href="https://www.internal-displacement.org/global-report/grid2023">refugiados climáticos</a> son una realidad, aquí y ahora, y van en aumento.</em></strong></h2>



<figure class="wp-block-gallery has-nested-images columns-default is-cropped wp-block-gallery-1 is-layout-flex wp-block-gallery-is-layout-flex">
<figure class="wp-block-image size-large"><img loading="lazy" decoding="async" width="1024" height="322" data-id="8" src="https://retoglobal.eu/wp-content/uploads/2023/12/retoglobal-100-1-1024x322.jpg" alt="RETOGLOBAL.EU" class="wp-image-8" srcset="https://retoglobal.eu/wp-content/uploads/2023/12/retoglobal-100-1-1024x322.jpg 1024w, https://retoglobal.eu/wp-content/uploads/2023/12/retoglobal-100-1-431x136.jpg 431w, https://retoglobal.eu/wp-content/uploads/2023/12/retoglobal-100-1-300x94.jpg 300w, https://retoglobal.eu/wp-content/uploads/2023/12/retoglobal-100-1-768x242.jpg 768w, https://retoglobal.eu/wp-content/uploads/2023/12/retoglobal-100-1-1536x484.jpg 1536w, https://retoglobal.eu/wp-content/uploads/2023/12/retoglobal-100-1-421x133.jpg 421w, https://retoglobal.eu/wp-content/uploads/2023/12/retoglobal-100-1.jpg 1804w" sizes="auto, (max-width: 1024px) 100vw, 1024px" /><figcaption class="wp-element-caption">RETOGLOBL.EU, transformando desafíos.</figcaption></figure>
</figure>



<p>A pesar de los compromisos establecidos en el <a href="https://unfccc.int/sites/default/files/spanish_paris_agreement.pdf" target="_blank" rel="noreferrer noopener">Acuerdo de París 2015</a>, nos encontramos distantes de alcanzar sus objetivos. Las catástrofes ambientales aumentan en frecuencia e intensidad, generando daños económicos y desplazamientos masivos. Urge una respuesta decidida y valiente, y es imperativo que la Unión Europea, como institución de peso, lidere los esfuerzos para revertir esta situación.</p>



<p>Frente a la amenaza de sequías, incendios forestales, elevación del nivel del mar, acidificación de los océanos y otros desafíos, es crucial acelerar nuestras acciones. La ciencia nos alerta sobre la inminencia de la sexta extinción masiva, enfatizando la necesidad de corregir nuestras interacciones con la naturaleza. Proteger la salud y el bienestar de las personas y garantizar un planeta habitable para las generaciones futuras son objetivos inaplazables.</p>



<p>Para alcanzar estos objetivos, es esencial fortalecer la gobernanza y aplicar de manera efectiva el Pacto a todos los niveles. La difusión de información científica sólida, la promoción de la cultura climática y la integración de soluciones climáticas en todos los ámbitos son pasos cruciales. Un énfasis especial en la inclusión de programas educativos a todos los niveles garantizará una comprensión generalizada de la gravedad de la situación.</p>



<p>Combatir la desinformación es fundamental. Desacreditar los mitos sobre el clima y contrarrestar la negación del cambio climático son acciones necesarias para construir una conciencia colectiva. La colaboración con iniciativas ya existentes y el respaldo activo a proyectos en marcha son pasos prácticos que nos permitirán abordar este desafío de manera más efectiva.</p>



<p class="has-text-align-center"><em>Enfrentar el cambio climático exige una acción inmediata y coordinada. La colaboración internacional, liderada por instituciones como la Unión Europea, es esencial para revertir los daños causados y construir un futuro sostenible. Cada uno de nosotros tiene un papel vital en esta empresa, y es nuestro deber actuar ahora para preservar nuestro planeta y asegurar un legado habitable para las generaciones venideras.</em></p>



<p><a href="https://eur-lex.europa.eu/legal-content/ES/TXT/PDF/?uri=CELEX:52020DC0788&amp;from=EN" target="_blank" rel="noreferrer noopener"><strong><em>Texto completo del Pacto Climático europeo.</em></strong></a></p>

<p>El cambio climático es una realidad innegable que se manifiesta de manera tangible en nuestro presente. Cada día, sus impactos se intensifican, dejando a su &hellip;</p>
