{"id":120,"date":"2024-01-07T13:35:13","date_gmt":"2024-01-07T12:35:13","guid":{"rendered":"https:\/\/retoglobal.eu\/?page_id=120"},"modified":"2024-01-07T13:35:13","modified_gmt":"2024-01-07T12:35:13","slug":"embajador-europeo-por-el-pacto-climatico","status":"publish","type":"page","link":"https:\/\/retoglobal.eu\/index.php\/pacto-europeo-x-el-clima\/embajador-europeo-por-el-pacto-climatico\/","title":{"rendered":"Embajador Europeo por el Pacto Clim\u00e1tico."},"content":{"rendered":"\n<h2 class=\"wp-block-heading\">Actividades como embajador.<\/h2>\n\n\n\n<p class=\"has-text-align-center\"><strong>Como embajadores clim\u00e1ticos tenemos la oportunidad de hablar e informar sobre el cambio clim\u00e1tico durante interacciones y actividades regulares, especialmente con aquellos que a\u00fan no est\u00e1n involucrados en la acci\u00f3n clim\u00e1tica.<\/strong><\/p>\n\n\n\n<p>Compartimos&nbsp;conocimientos, ofrecemos&nbsp;datos, experiencias e historias sobre diferentes temas mediante la organizaci\u00f3n de eventos, debates tem\u00e1ticos presenciales y online, campa\u00f1as en los medios de comunicaci\u00f3n y las redes sociales con nuevas formas y canales para crear conciencia.<\/p>\n\n\n\n<p>Actuamos&nbsp;a nivel nacional, regional y local para persuadir a las autoridades p\u00fablicas, escuelas, organizaciones y empresas para que se comprometan con acciones y compromisos clim\u00e1ticos ambiciosos.<\/p>\n\n\n\n<p>Nos involucramos&nbsp;con las comunidades locales, especialmente los grupos vulnerables y de bajos ingresos;&nbsp;intercambiamos informaci\u00f3n, cooperamos con otros activistas y organizamos&nbsp;actividades relacionadas con la acci\u00f3n clim\u00e1tica y medioambiental, tambi\u00e9n son&nbsp;acciones que realizamos contimuamente.&nbsp;<\/p>\n\n\n\n<p>Es importante ser el nexo entre&nbsp;la sociedad civil, las partes interesadas y la Comisi\u00f3n Europea.<\/p>\n\n\n\n<h4 class=\"wp-block-heading\"><strong><em><a href=\"https:\/\/climate-pact.europa.eu\/about\/meet-our-ambassadors_es?f%255B0%255D=world_world%253A180&amp;f%5B0%5D=world_world%3A180&amp;page=0\">Informaci\u00f3n sobre los Embajadores espa\u00f1oles del Pacto Clim\u00e1tico.<\/a><\/em><\/strong><\/h4>\n","protected":false},"excerpt":{"rendered":"<p>Actividades como embajador. Como embajadores clim\u00e1ticos tenemos la oportunidad de hablar e informar sobre el cambio clim\u00e1tico durante interacciones y actividades regulares, especialmente con aquellos &hellip;<\/p>\n","protected":false},"author":1,"featured_media":115,"parent":21,"menu_order":-1,"comment_status":"closed","ping_status":"closed","template":"","meta":{"footnotes":""},"class_list":["post-120","page","type-page","status-publish","has-post-thumbnail","hentry"],"_links":{"self":[{"href":"https:\/\/retoglobal.eu\/index.php\/wp-json\/wp\/v2\/pages\/120","targetHints":{"allow":["GET"]}}],"collection":[{"href":"https:\/\/retoglobal.eu\/index.php\/wp-json\/wp\/v2\/pages"}],"about":[{"href":"https:\/\/retoglobal.eu\/index.php\/wp-json\/wp\/v2\/types\/page"}],"author":[{"embeddable":true,"href":"https:\/\/retoglobal.eu\/index.php\/wp-json\/wp\/v2\/users\/1"}],"replies":[{"embeddable":true,"href":"https:\/\/retoglobal.eu\/index.php\/wp-json\/wp\/v2\/comments?post=120"}],"version-history":[{"count":1,"href":"https:\/\/retoglobal.eu\/index.php\/wp-json\/wp\/v2\/pages\/120\/revisions"}],"predecessor-version":[{"id":121,"href":"https:\/\/retoglobal.eu\/index.php\/wp-json\/wp\/v2\/pages\/120\/revisions\/121"}],"up":[{"embeddable":true,"href":"https:\/\/retoglobal.eu\/index.php\/wp-json\/wp\/v2\/pages\/21"}],"wp:featuredmedia":[{"embeddable":true,"href":"https:\/\/retoglobal.eu\/index.php\/wp-json\/wp\/v2\/media\/115"}],"wp:attachment":[{"href":"https:\/\/retoglobal.eu\/index.php\/wp-json\/wp\/v2\/media?parent=120"}],"curies":[{"name":"wp","href":"https:\/\/api.w.org\/{rel}","templated":true}]}}

Embajador Europeo por el Pacto Climático.

<h2 class="wp-block-heading">Actividades como embajador.</h2>



<p class="has-text-align-center"><strong>Como embajadores climáticos tenemos la oportunidad de hablar e informar sobre el cambio climático durante interacciones y actividades regulares, especialmente con aquellos que aún no están involucrados en la acción climática.</strong></p>



<p>Compartimos&nbsp;conocimientos, ofrecemos&nbsp;datos, experiencias e historias sobre diferentes temas mediante la organización de eventos, debates temáticos presenciales y online, campañas en los medios de comunicación y las redes sociales con nuevas formas y canales para crear conciencia.</p>



<p>Actuamos&nbsp;a nivel nacional, regional y local para persuadir a las autoridades públicas, escuelas, organizaciones y empresas para que se comprometan con acciones y compromisos climáticos ambiciosos.</p>



<p>Nos involucramos&nbsp;con las comunidades locales, especialmente los grupos vulnerables y de bajos ingresos;&nbsp;intercambiamos información, cooperamos con otros activistas y organizamos&nbsp;actividades relacionadas con la acción climática y medioambiental, también son&nbsp;acciones que realizamos contimuamente.&nbsp;</p>



<p>Es importante ser el nexo entre&nbsp;la sociedad civil, las partes interesadas y la Comisión Europea.</p>



<h4 class="wp-block-heading"><strong><em><a href="https://climate-pact.europa.eu/about/meet-our-ambassadors_es?f%255B0%255D=world_world%253A180&amp;f%5B0%5D=world_world%3A180&amp;page=0">Información sobre los Embajadores españoles del Pacto Climático.</a></em></strong></h4>

<p>Actividades como embajador. Como embajadores climáticos tenemos la oportunidad de hablar e informar sobre el cambio climático durante interacciones y actividades regulares, especialmente con aquellos &hellip;</p>
